CRAN Package Check Results for Package qtl2

Last updated on 2021-09-23 05:51:37 CEST.

Flavor Version Tinstall Tcheck Ttotal Status Flags
r-devel-linux-x86_64-debian-clang 0.24 862.13 219.08 1081.21 OK
r-devel-linux-x86_64-debian-gcc 0.24 547.54 163.17 710.71 OK
r-devel-linux-x86_64-fedora-clang 0.24 1528.42 NOTE
r-devel-linux-x86_64-fedora-gcc 0.24 1315.56 OK
r-devel-windows-x86_64 0.24 730.00 218.00 948.00 NOTE
r-devel-windows-x86_64-gcc10-UCRT 0.24 ERROR
r-patched-linux-x86_64 0.24 664.71 211.29 876.00 OK
r-patched-solaris-x86 0.24 1160.20 NOTE
r-release-linux-x86_64 0.24 666.52 211.16 877.68 OK
r-release-macos-arm64 0.24 NOTE
r-release-macos-x86_64 0.24 NOTE
r-release-windows-ix86+x86_64 0.24 1894.00 336.00 2230.00 NOTE
r-oldrel-macos-x86_64 0.24 NOTE
r-oldrel-windows-ix86+x86_64 0.24 1384.00 337.00 1721.00 NOTE

Additional issues

clang-UBSAN

Check Details

Version: 0.24
Check: installed package size
Result: NOTE
     installed size is 43.3Mb
     sub-directories of 1Mb or more:
     extdata 3.3Mb
     libs 38.7Mb
Flavors: r-devel-linux-x86_64-fedora-clang, r-devel-windows-x86_64, r-patched-solaris-x86, r-release-macos-arm64, r-release-macos-x86_64, r-release-windows-ix86+x86_64, r-oldrel-macos-x86_64, r-oldrel-windows-ix86+x86_64

Version: 0.24
Check: package dependencies
Result: NOTE
    Packages suggested but not available for checking:
     'devtools', 'roxygen2', 'vdiffr'
Flavor: r-devel-windows-x86_64-gcc10-UCRT

Version: 0.24
Check: whether package can be installed
Result: ERROR
    Installation failed.
Flavor: r-devel-windows-x86_64-gcc10-UCRT