CRAN Package Check Results for Package purrrlyr

Last updated on 2022-01-18 05:50:24 CET.

Flavor Version Tinstall Tcheck Ttotal Status Flags
r-devel-linux-x86_64-debian-clang 0.0.7 49.14 57.36 106.50 NOTE
r-devel-linux-x86_64-debian-gcc 0.0.7 30.75 43.46 74.21 NOTE
r-devel-linux-x86_64-fedora-clang 0.0.7 144.35 NOTE
r-devel-linux-x86_64-fedora-gcc 0.0.7 120.44 NOTE
r-devel-windows-x86_64-new-UL 0.0.7 50.00 93.00 143.00 NOTE
r-devel-windows-x86_64-new-TK 0.0.7 NOTE
r-patched-linux-x86_64 0.0.7 41.09 53.86 94.95 NOTE
r-release-linux-x86_64 0.0.7 NOTE
r-release-macos-arm64 0.0.7 NOTE
r-release-macos-x86_64 0.0.7 NOTE
r-release-windows-ix86+x86_64 0.0.7 118.00 103.00 221.00 NOTE
r-oldrel-macos-x86_64 0.0.7 OK
r-oldrel-windows-ix86+x86_64 0.0.7 116.00 102.00 218.00 OK

Check Details

Version: 0.0.7
Check: LazyData
Result: NOTE
     'LazyData' is specified without a 'data' directory
Flavors: r-devel-linux-x86_64-debian-clang, r-devel-linux-x86_64-debian-gcc, r-devel-linux-x86_64-fedora-clang, r-devel-linux-x86_64-fedora-gcc, r-devel-windows-x86_64-new-UL, r-devel-windows-x86_64-new-TK, r-patched-linux-x86_64, r-release-linux-x86_64, r-release-macos-arm64, r-release-macos-x86_64, r-release-windows-ix86+x86_64