CRAN Package Check Results for Package provGraphR

Last updated on 2021-08-01 05:52:12 CEST.

Flavor Version Tinstall Tcheck Ttotal Status Flags
r-devel-linux-x86_64-debian-clang 1.0 7.51 66.06 73.57 NOTE
r-devel-linux-x86_64-debian-gcc 1.0 5.82 49.90 55.72 NOTE
r-devel-linux-x86_64-fedora-clang 1.0 95.43 NOTE
r-devel-linux-x86_64-fedora-gcc 1.0 83.64 NOTE
r-devel-windows-x86_64 1.0 8.00 84.00 92.00 NOTE
r-devel-windows-x86_64-gcc10-UCRT 1.0 NOTE
r-patched-linux-x86_64 1.0 NOTE
r-patched-solaris-x86 1.0 127.20 NOTE
r-release-linux-x86_64 1.0 7.64 61.75 69.39 NOTE
r-release-macos-arm64 1.0 NOTE
r-release-macos-x86_64 1.0 NOTE
r-release-windows-ix86+x86_64 1.0 17.00 63.00 80.00 NOTE
r-oldrel-macos-x86_64 1.0 OK
r-oldrel-windows-ix86+x86_64 1.0 13.00 90.00 103.00 OK

Check Details

Version: 1.0
Check: LazyData
Result: NOTE
     'LazyData' is specified without a 'data' directory
Flavors: r-devel-linux-x86_64-debian-clang, r-devel-linux-x86_64-debian-gcc, r-devel-linux-x86_64-fedora-clang, r-devel-linux-x86_64-fedora-gcc, r-devel-windows-x86_64, r-devel-windows-x86_64-gcc10-UCRT, r-patched-linux-x86_64, r-patched-solaris-x86, r-release-linux-x86_64, r-release-macos-arm64, r-release-macos-x86_64, r-release-windows-ix86+x86_64