CRAN Package Check Results for Package prototest

Last updated on 2021-11-28 05:49:42 CET.

Flavor Version Tinstall Tcheck Ttotal Status Flags
r-devel-linux-x86_64-debian-clang 1.2 OK
r-devel-linux-x86_64-debian-gcc 1.2 60.12 71.96 132.08 OK
r-devel-linux-x86_64-fedora-clang 1.2 254.75 NOTE
r-devel-linux-x86_64-fedora-gcc 1.2 226.37 NOTE
r-devel-windows-x86_64-new-UL 1.2 104.00 148.00 252.00 OK
r-devel-windows-x86_64-new-TK 1.2 OK
r-devel-windows-x86_64-old 1.2 76.00 127.00 203.00 OK
r-patched-linux-x86_64 1.2 66.84 89.96 156.80 OK
r-patched-solaris-x86 1.2 239.60 OK
r-release-linux-x86_64 1.2 67.72 91.08 158.80 OK
r-release-macos-arm64 1.2 OK
r-release-macos-x86_64 1.2 OK
r-release-windows-ix86+x86_64 1.2 190.00 130.00 320.00 OK
r-oldrel-macos-x86_64 1.2 OK
r-oldrel-windows-ix86+x86_64 1.2 144.00 179.00 323.00 OK

Check Details

Version: 1.2
Check: compiled code
Result: NOTE
    File ‘prototest/libs/prototest.so’:
     Found no calls to: ‘R_registerRoutines’, ‘R_useDynamicSymbols’
    
    It is good practice to register native routines and to disable symbol
    search.
    
    See ‘Writing portable packages’ in the ‘Writing R Extensions’ manual.
Flavors: r-devel-linux-x86_64-fedora-clang, r-devel-linux-x86_64-fedora-gcc