CRAN Package Check Results for Package protoclust

Last updated on 2021-09-20 05:50:12 CEST.

Flavor Version Tinstall Tcheck Ttotal Status Flags
r-devel-linux-x86_64-debian-clang 1.6.3 3.30 22.96 26.26 OK
r-devel-linux-x86_64-debian-gcc 1.6.3 2.37 18.38 20.75 OK
r-devel-linux-x86_64-fedora-clang 1.6.3 40.87 OK
r-devel-linux-x86_64-fedora-gcc 1.6.3 30.37 OK
r-devel-windows-x86_64 1.6.3 5.00 26.00 31.00 OK
r-devel-windows-x86_64-gcc10-UCRT 1.6.3 ERROR
r-patched-linux-x86_64 1.6.3 2.80 22.52 25.32 OK
r-patched-solaris-x86 1.6.3 47.80 OK
r-release-linux-x86_64 1.6.3 2.87 22.75 25.62 OK
r-release-macos-arm64 1.6.3 OK
r-release-macos-x86_64 1.6.3 OK
r-release-windows-ix86+x86_64 1.6.3 9.00 30.00 39.00 OK
r-oldrel-macos-x86_64 1.6.3 OK
r-oldrel-windows-ix86+x86_64 1.6.3 8.00 32.00 40.00 OK

Check Details

Version: 1.6.3
Check: whether package can be installed
Result: ERROR
    Installation failed.
Flavor: r-devel-windows-x86_64-gcc10-UCRT