CRAN Package Check Results for Package predictoR

Last updated on 2021-10-19 05:51:10 CEST.

Flavor Version Tinstall Tcheck Ttotal Status Flags
r-devel-linux-x86_64-debian-clang 2.0.5 26.29 183.03 209.32 OK
r-devel-linux-x86_64-debian-gcc 2.0.5 21.59 136.32 157.91 OK
r-devel-linux-x86_64-fedora-clang 2.0.5 257.61 OK
r-devel-linux-x86_64-fedora-gcc 2.0.5 243.96 OK
r-devel-windows-x86_64 2.0.5 43.00 211.00 254.00 OK
r-devel-windows-x86_64-gcc10-UCRT 2.0.4 OK
r-patched-linux-x86_64 2.0.5 25.72 175.40 201.12 OK
r-patched-solaris-x86 2.0.5 344.30 OK
r-release-linux-x86_64 2.0.5 23.96 173.34 197.30 OK
r-release-macos-arm64 2.0.4 OK
r-release-macos-x86_64 2.0.5 OK
r-release-windows-ix86+x86_64 2.0.5 41.00 146.00 187.00 OK
r-oldrel-macos-x86_64 1.1.9 NOTE
r-oldrel-windows-ix86+x86_64 1.1.9 8.00 33.00 41.00 OK

Check Details

Version: 1.1.9
Check: dependencies in R code
Result: NOTE
    Namespaces in Imports field not imported from:
     ‘DT’ ‘ROCR’ ‘adabag’ ‘colourpicker’ ‘e1071’ ‘flexdashboard’ ‘glmnet’
     ‘kknn’ ‘neuralnet’ ‘plyr’ ‘randomForest’ ‘rattle’ ‘rpart’ ‘shinyAce’
     ‘shinyWidgets’ ‘shinydashboardPlus’ ‘shinyjs’ ‘tidyverse’ ‘xgboost’
     All declared Imports should be used.
Flavor: r-oldrel-macos-x86_64