CRAN Package Check Results for Package pkggraph

Last updated on 2021-07-31 05:51:57 CEST.

Flavor Version Tinstall Tcheck Ttotal Status Flags
r-devel-linux-x86_64-debian-clang 0.2.3 11.06 151.66 162.72 OK
r-devel-linux-x86_64-debian-gcc 0.2.3 10.09 114.66 124.75 OK
r-devel-linux-x86_64-fedora-clang 0.2.3 198.65 OK
r-devel-linux-x86_64-fedora-gcc 0.2.3 188.13 OK
r-devel-windows-x86_64 0.2.3 23.00 177.00 200.00 OK
r-devel-windows-x86_64-gcc10-UCRT 0.2.3 OK
r-patched-linux-x86_64 0.2.3 OK
r-patched-solaris-x86 0.2.3 249.70 NOTE
r-release-linux-x86_64 0.2.3 11.61 144.36 155.97 OK
r-release-macos-arm64 0.2.3 WARN
r-release-macos-x86_64 0.2.3 OK
r-release-windows-ix86+x86_64 0.2.3 28.00 175.00 203.00 OK
r-oldrel-macos-x86_64 0.2.3 OK
r-oldrel-windows-ix86+x86_64 0.2.3 45.00 191.00 236.00 OK

Check Details

Version: 0.2.3
Check: installed package size
Result: NOTE
     installed size is 5.1Mb
     sub-directories of 1Mb or more:
     doc 4.4Mb
Flavor: r-patched-solaris-x86

Version: 0.2.3
Check: re-building of vignette outputs
Result: WARN
    Error(s) in re-building vignettes:
     ...
    --- re-building ‘vignette_pkggraph.Rmd’ using rmarkdown
    Warning in engine$weave(file, quiet = quiet, encoding = enc) :
     Pandoc (>= 1.12.3) not available. Falling back to R Markdown v1.
    Quitting from lines 34-58 (vignette_pkggraph.Rmd)
    Error: processing vignette 'vignette_pkggraph.Rmd' failed with diagnostics:
    polygon edge not found
    --- failed re-building ‘vignette_pkggraph.Rmd’
    
    SUMMARY: processing the following file failed:
     ‘vignette_pkggraph.Rmd’
    
    Error: Vignette re-building failed.
    Execution halted
Flavor: r-release-macos-arm64