CRAN Package Check Results for Package pingr

Last updated on 2021-11-28 05:49:42 CET.

Flavor Version Tinstall Tcheck Ttotal Status Flags
r-devel-linux-x86_64-debian-clang 2.0.1 NOTE
r-devel-linux-x86_64-debian-gcc 2.0.1 2.54 17.50 20.04 NOTE
r-devel-linux-x86_64-fedora-clang 2.0.1 42.67 NOTE
r-devel-linux-x86_64-fedora-gcc 2.0.1 31.13 NOTE
r-devel-windows-x86_64-new-UL 2.0.1 15.00 61.00 76.00 NOTE
r-devel-windows-x86_64-new-TK 2.0.1 NOTE
r-devel-windows-x86_64-old 2.0.1 9.00 42.00 51.00 NOTE
r-patched-linux-x86_64 2.0.1 3.10 20.93 24.03 NOTE
r-patched-solaris-x86 2.0.1 48.30 NOTE
r-release-linux-x86_64 2.0.1 2.69 20.78 23.47 NOTE
r-release-macos-arm64 2.0.1 NOTE
r-release-macos-x86_64 2.0.1 NOTE
r-release-windows-ix86+x86_64 2.0.1 17.00 39.00 56.00 NOTE
r-oldrel-macos-x86_64 2.0.1 OK
r-oldrel-windows-ix86+x86_64 2.0.1 13.00 50.00 63.00 OK

Check Details

Version: 2.0.1
Check: LazyData
Result: NOTE
     'LazyData' is specified without a 'data' directory
Flavors: r-devel-linux-x86_64-debian-clang, r-devel-linux-x86_64-debian-gcc, r-devel-linux-x86_64-fedora-clang, r-devel-linux-x86_64-fedora-gcc, r-devel-windows-x86_64-new-UL, r-devel-windows-x86_64-new-TK, r-devel-windows-x86_64-old, r-patched-linux-x86_64, r-patched-solaris-x86, r-release-linux-x86_64, r-release-macos-arm64, r-release-macos-x86_64, r-release-windows-ix86+x86_64