CRAN Package Check Results for Package phylosignal

Last updated on 2021-08-04 05:52:46 CEST.

Flavor Version Tinstall Tcheck Ttotal Status Flags
r-devel-linux-x86_64-debian-clang 1.3 61.11 385.62 446.73 OK
r-devel-linux-x86_64-debian-gcc 1.3 43.43 281.89 325.32 OK
r-devel-linux-x86_64-fedora-clang 1.3 530.35 OK
r-devel-linux-x86_64-fedora-gcc 1.3 517.24 OK
r-devel-windows-x86_64 1.3 87.00 426.00 513.00 OK
r-devel-windows-x86_64-gcc10-UCRT 1.3 OK
r-patched-linux-x86_64 1.3 51.46 355.21 406.67 OK
r-patched-solaris-x86 1.3 672.60 OK
r-release-linux-x86_64 1.3 46.78 360.34 407.12 OK
r-release-macos-arm64 1.3 NOTE
r-release-macos-x86_64 1.3 OK
r-release-windows-ix86+x86_64 1.3 130.00 515.00 645.00 OK
r-oldrel-macos-x86_64 1.3 OK
r-oldrel-windows-ix86+x86_64 1.3 126.00 523.00 649.00 OK

Check Details

Version: 1.3
Check: installed package size
Result: NOTE
     installed size is 5.3Mb
     sub-directories of 1Mb or more:
     help 1.6Mb
     libs 2.5Mb
Flavor: r-release-macos-arm64