CRAN Package Check Results for Package phyloregion

Last updated on 2021-08-04 05:52:46 CEST.

Flavor Version Tinstall Tcheck Ttotal Status Flags
r-devel-linux-x86_64-debian-clang 1.0.6 23.13 251.87 275.00 OK
r-devel-linux-x86_64-debian-gcc 1.0.6 15.88 189.48 205.36 OK
r-devel-linux-x86_64-fedora-clang 1.0.6 330.68 NOTE
r-devel-linux-x86_64-fedora-gcc 1.0.6 318.28 NOTE
r-devel-windows-x86_64 1.0.6 22.00 294.00 316.00 OK
r-devel-windows-x86_64-gcc10-UCRT 1.0.6 NOTE
r-patched-linux-x86_64 1.0.6 26.57 235.95 262.52 OK
r-patched-solaris-x86 1.0.6 449.80 NOTE
r-release-linux-x86_64 1.0.6 19.50 236.87 256.37 OK
r-release-macos-arm64 1.0.6 NOTE
r-release-macos-x86_64 1.0.6 NOTE
r-release-windows-ix86+x86_64 1.0.6 43.00 291.00 334.00 OK
r-oldrel-macos-x86_64 1.0.6 NOTE
r-oldrel-windows-ix86+x86_64 1.0.6 35.00 294.00 329.00 OK

Check Details

Version: 1.0.6
Check: dependencies in R code
Result: NOTE
    Namespace in Imports field not imported from: ‘rgdal’
     All declared Imports should be used.
Flavors: r-devel-linux-x86_64-fedora-clang, r-devel-linux-x86_64-fedora-gcc, r-devel-windows-x86_64-gcc10-UCRT, r-patched-solaris-x86, r-release-macos-arm64, r-release-macos-x86_64, r-oldrel-macos-x86_64

Version: 1.0.6
Check: Rd cross-references
Result: NOTE
    Undeclared package ‘picante’ in Rd xrefs
Flavor: r-devel-linux-x86_64-fedora-clang