CRAN Package Check Results for Package pedtools

Last updated on 2021-08-03 05:52:55 CEST.

Flavor Version Tinstall Tcheck Ttotal Status Flags
r-devel-linux-x86_64-debian-clang 1.0.1 12.90 100.17 113.07 OK
r-devel-linux-x86_64-debian-gcc 1.0.1 11.41 75.16 86.57 OK
r-devel-linux-x86_64-fedora-clang 1.0.1 147.63 OK
r-devel-linux-x86_64-fedora-gcc 1.0.1 133.31 OK
r-devel-windows-x86_64 1.0.1 15.00 124.00 139.00 OK
r-devel-windows-x86_64-gcc10-UCRT 1.0.1 OK
r-patched-linux-x86_64 1.0.1 12.88 96.46 109.34 OK
r-patched-solaris-x86 1.0.1 171.70 OK
r-release-linux-x86_64 1.0.1 10.62 95.77 106.39 OK
r-release-macos-arm64 1.0.1 WARN
r-release-macos-x86_64 1.0.1 OK
r-release-windows-ix86+x86_64 1.0.1 24.00 121.00 145.00 OK
r-oldrel-macos-x86_64 1.0.1 OK
r-oldrel-windows-ix86+x86_64 1.0.1 18.00 125.00 143.00 OK

Check Details

Version: 1.0.1
Check: re-building of vignette outputs
Result: WARN
    Error(s) in re-building vignettes:
     ...
    --- re-building ‘pedtools.Rmd’ using rmarkdown
    Warning in engine$weave(file, quiet = quiet, encoding = enc) :
     Pandoc (>= 1.12.3) not available. Falling back to R Markdown v1.
    Quitting from lines 90-91 (pedtools.Rmd)
    Error: processing vignette 'pedtools.Rmd' failed with diagnostics:
    Labels leave no room for the graph, reduce cex
    --- failed re-building ‘pedtools.Rmd’
    
    SUMMARY: processing the following file failed:
     ‘pedtools.Rmd’
    
    Error: Vignette re-building failed.
    Execution halted
Flavor: r-release-macos-arm64