CRAN Package Check Results for Package pedsuite

Last updated on 2021-10-27 05:55:17 CEST.

Flavor Version Tinstall Tcheck Ttotal Status Flags
r-devel-linux-x86_64-debian-clang 1.0.4 7.26 79.96 87.22 OK
r-devel-linux-x86_64-debian-gcc 1.0.4 6.31 61.17 67.48 OK
r-devel-linux-x86_64-fedora-clang 1.0.4 113.17 NOTE
r-devel-linux-x86_64-fedora-gcc 1.0.4 103.27 NOTE
r-devel-windows-x86_64 1.0.4 11.00 105.00 116.00 OK
r-devel-windows-x86_64-gcc10-UCRT 1.0.4 NOTE
r-patched-linux-x86_64 1.0.4 6.68 76.67 83.35 OK
r-patched-solaris-x86 1.0.4 115.50 NOTE
r-release-linux-x86_64 1.0.4 7.96 76.14 84.10 OK
r-release-macos-arm64 1.0.4 NOTE
r-release-macos-x86_64 1.0.4 NOTE
r-release-windows-ix86+x86_64 1.0.4 12.00 103.00 115.00 OK
r-oldrel-macos-x86_64 1.0.4 NOTE
r-oldrel-windows-ix86+x86_64 1.0.4 19.00 108.00 127.00 OK

Check Details

Version: 1.0.4
Check: dependencies in R code
Result: NOTE
    Namespaces in Imports field not imported from:
     ‘dvir’ ‘ibdsim2’ ‘paramlink2’ ‘pedbuildr’ ‘segregatr’
     All declared Imports should be used.
Flavors: r-devel-linux-x86_64-fedora-clang, r-devel-linux-x86_64-fedora-gcc, r-devel-windows-x86_64-gcc10-UCRT, r-patched-solaris-x86, r-release-macos-arm64, r-release-macos-x86_64, r-oldrel-macos-x86_64