CRAN Package Check Results for Package pbv

Last updated on 2021-09-21 05:51:24 CEST.

Flavor Version Tinstall Tcheck Ttotal Status Flags
r-devel-linux-x86_64-debian-clang 0.4-22 26.03 27.49 53.52 OK
r-devel-linux-x86_64-debian-gcc 0.4-22 16.64 21.67 38.31 OK
r-devel-linux-x86_64-fedora-clang 0.4-22 79.57 OK
r-devel-linux-x86_64-fedora-gcc 0.4-22 62.34 OK
r-devel-windows-x86_64 0.4-22 26.00 45.00 71.00 OK
r-devel-windows-x86_64-gcc10-UCRT 0.4-22 ERROR
r-patched-linux-x86_64 0.4-22 19.54 26.51 46.05 OK
r-patched-solaris-x86 0.4-22 78.00 OK
r-release-linux-x86_64 0.4-22 19.69 26.88 46.57 OK
r-release-macos-arm64 0.4-22 OK
r-release-macos-x86_64 0.4-22 OK
r-release-windows-ix86+x86_64 0.4-22 63.00 54.00 117.00 OK
r-oldrel-macos-x86_64 0.4-22 OK
r-oldrel-windows-ix86+x86_64 0.4-22 62.00 53.00 115.00 OK

Check Details

Version: 0.4-22
Check: whether package can be installed
Result: ERROR
    Installation failed.
Flavor: r-devel-windows-x86_64-gcc10-UCRT