CRAN Package Check Results for Package otvPlots

Last updated on 2021-10-27 05:55:16 CEST.

Flavor Version Tinstall Tcheck Ttotal Status Flags
r-devel-linux-x86_64-debian-clang 0.2.1 12.06 136.99 149.05 OK
r-devel-linux-x86_64-debian-gcc 0.2.1 9.79 101.86 111.65 OK
r-devel-linux-x86_64-fedora-clang 0.2.1 178.55 NOTE
r-devel-linux-x86_64-fedora-gcc 0.2.1 170.95 NOTE
r-devel-windows-x86_64 0.2.1 20.00 160.00 180.00 OK
r-devel-windows-x86_64-gcc10-UCRT 0.2.1 NOTE
r-patched-linux-x86_64 0.2.1 11.16 125.79 136.95 OK
r-patched-solaris-x86 0.2.1 242.30 NOTE
r-release-linux-x86_64 0.2.1 11.28 122.26 133.54 OK
r-release-macos-arm64 0.2.1 NOTE
r-release-macos-x86_64 0.2.1 NOTE
r-release-windows-ix86+x86_64 0.2.1 22.00 170.00 192.00 OK
r-oldrel-macos-x86_64 0.2.1 NOTE
r-oldrel-windows-ix86+x86_64 0.2.1 30.00 159.00 189.00 OK

Check Details

Version: 0.2.1
Check: dependencies in R code
Result: NOTE
    Namespace in Imports field not imported from: ‘quantreg’
     All declared Imports should be used.
Flavors: r-devel-linux-x86_64-fedora-clang, r-devel-linux-x86_64-fedora-gcc, r-devel-windows-x86_64-gcc10-UCRT, r-patched-solaris-x86, r-release-macos-arm64, r-release-macos-x86_64, r-oldrel-macos-x86_64