CRAN Package Check Results for Package optrcdmaeAT

Last updated on 2021-07-31 05:51:56 CEST.

Flavor Version Tinstall Tcheck Ttotal Status Flags
r-devel-linux-x86_64-debian-clang 1.0.0 11.55 75.90 87.45 NOTE
r-devel-linux-x86_64-debian-gcc 1.0.0 9.25 59.73 68.98 NOTE
r-devel-linux-x86_64-fedora-clang 1.0.0 116.69 NOTE
r-devel-linux-x86_64-fedora-gcc 1.0.0 105.74 NOTE
r-devel-windows-x86_64 1.0.0 12.00 89.00 101.00 OK
r-devel-windows-x86_64-gcc10-UCRT 1.0.0 OK
r-patched-linux-x86_64 1.0.0 NOTE
r-patched-solaris-x86 1.0.0 165.90 NOTE
r-release-linux-x86_64 1.0.0 12.14 74.63 86.77 NOTE
r-release-macos-arm64 1.0.0 OK
r-release-macos-x86_64 1.0.0 OK
r-release-windows-ix86+x86_64 1.0.0 20.00 65.00 85.00 OK
r-oldrel-macos-x86_64 1.0.0 OK
r-oldrel-windows-ix86+x86_64 1.0.0 17.00 91.00 108.00 OK

Check Details

Version: 1.0.0
Check: for non-standard things in the check directory
Result: NOTE
    Found the following files/directories:
     'Graph_layout_Doptrcd_trtE'
Flavors: r-devel-linux-x86_64-debian-clang, r-devel-linux-x86_64-debian-gcc, r-devel-linux-x86_64-fedora-clang, r-devel-linux-x86_64-fedora-gcc, r-patched-linux-x86_64, r-patched-solaris-x86, r-release-linux-x86_64