CRAN Package Check Results for Package optbdmaeAT

Last updated on 2021-07-31 05:51:55 CEST.

Flavor Version Tinstall Tcheck Ttotal Status Flags
r-devel-linux-x86_64-debian-clang 1.0.1 11.21 75.62 86.83 NOTE
r-devel-linux-x86_64-debian-gcc 1.0.1 8.29 58.39 66.68 NOTE
r-devel-linux-x86_64-fedora-clang 1.0.1 113.44 NOTE
r-devel-linux-x86_64-fedora-gcc 1.0.1 102.89 NOTE
r-devel-windows-x86_64 1.0.1 11.00 105.00 116.00 OK
r-devel-windows-x86_64-gcc10-UCRT 1.0.1 OK
r-patched-linux-x86_64 1.0.1 NOTE
r-patched-solaris-x86 1.0.1 157.00 NOTE
r-release-linux-x86_64 1.0.1 11.41 74.10 85.51 NOTE
r-release-macos-arm64 1.0.1 OK
r-release-macos-x86_64 1.0.1 OK
r-release-windows-ix86+x86_64 1.0.1 20.00 66.00 86.00 OK
r-oldrel-macos-x86_64 1.0.1 OK
r-oldrel-windows-ix86+x86_64 1.0.1 16.00 91.00 107.00 OK

Check Details

Version: 1.0.1
Check: for non-standard things in the check directory
Result: NOTE
    Found the following files/directories:
     'Graph_layout_Doptbd_trtE'
Flavors: r-devel-linux-x86_64-debian-clang, r-devel-linux-x86_64-debian-gcc, r-devel-linux-x86_64-fedora-clang, r-devel-linux-x86_64-fedora-gcc, r-patched-linux-x86_64, r-patched-solaris-x86, r-release-linux-x86_64