CRAN Package Check Results for Package openxlsx

Last updated on 2021-09-24 05:55:34 CEST.

Flavor Version Tinstall Tcheck Ttotal Status Flags
r-devel-linux-x86_64-debian-clang 4.2.4 128.00 116.52 244.52 OK
r-devel-linux-x86_64-debian-gcc 4.2.4 92.33 88.03 180.36 OK
r-devel-linux-x86_64-fedora-clang 4.2.4 341.62 NOTE
r-devel-linux-x86_64-fedora-gcc 4.2.4 304.92 OK
r-devel-windows-x86_64 4.2.4 134.00 127.00 261.00 OK
r-devel-windows-x86_64-gcc10-UCRT 4.2.4 OK
r-patched-linux-x86_64 4.2.4 116.16 113.19 229.35 OK
r-patched-solaris-x86 4.2.4 334.20 OK
r-release-linux-x86_64 4.2.4 109.64 114.47 224.11 OK
r-release-macos-arm64 4.2.4 NOTE
r-release-macos-x86_64 4.2.4 NOTE
r-release-windows-ix86+x86_64 4.2.4 255.00 176.00 431.00 OK
r-oldrel-macos-x86_64 4.2.4 NOTE
r-oldrel-windows-ix86+x86_64 4.2.4 196.00 174.00 370.00 OK

Check Details

Version: 4.2.4
Check: installed package size
Result: NOTE
     installed size is 7.1Mb
     sub-directories of 1Mb or more:
     extdata 1.1Mb
     libs 4.8Mb
Flavors: r-devel-linux-x86_64-fedora-clang, r-release-macos-arm64, r-release-macos-x86_64, r-oldrel-macos-x86_64