CRAN Package Check Results for Package openintro

Last updated on 2021-09-27 05:51:31 CEST.

Flavor Version Tinstall Tcheck Ttotal Status Flags
r-devel-linux-x86_64-debian-clang 2.2.0 29.33 162.01 191.34 OK
r-devel-linux-x86_64-debian-gcc 2.2.0 29.97 118.30 148.27 OK
r-devel-linux-x86_64-fedora-clang 2.2.0 240.77 NOTE
r-devel-linux-x86_64-fedora-gcc 2.2.0 228.17 NOTE
r-devel-windows-x86_64 2.2.0 41.00 188.00 229.00 OK
r-devel-windows-x86_64-gcc10-UCRT 2.2.0 NOTE
r-patched-linux-x86_64 2.2.0 34.73 149.65 184.38 OK
r-patched-solaris-x86 2.2.0 340.70 NOTE
r-release-linux-x86_64 2.2.0 29.86 148.64 178.50 OK
r-release-macos-arm64 2.2.0 NOTE
r-release-macos-x86_64 2.2.0 NOTE
r-release-windows-ix86+x86_64 2.2.0 54.00 192.00 246.00 OK
r-oldrel-macos-x86_64 2.2.0 NOTE
r-oldrel-windows-ix86+x86_64 2.2.0 41.00 181.00 222.00 OK

Check Details

Version: 2.2.0
Check: data for non-ASCII characters
Result: NOTE
     Note: found 2521 marked UTF-8 strings
Flavors: r-devel-linux-x86_64-fedora-clang, r-devel-linux-x86_64-fedora-gcc, r-devel-windows-x86_64-gcc10-UCRT, r-patched-solaris-x86, r-release-macos-arm64, r-release-macos-x86_64, r-oldrel-macos-x86_64