CRAN Package Check Results for Package nproc

Last updated on 2021-11-28 05:49:40 CET.

Flavor Version Tinstall Tcheck Ttotal Status Flags
r-devel-linux-x86_64-debian-clang 2.1.5 NOTE
r-devel-linux-x86_64-debian-gcc 2.1.5 7.26 83.43 90.69 NOTE
r-devel-linux-x86_64-fedora-clang 2.1.5 168.08 NOTE
r-devel-linux-x86_64-fedora-gcc 2.1.5 158.82 NOTE
r-devel-windows-x86_64-new-UL 2.1.5 16.00 173.00 189.00 NOTE
r-devel-windows-x86_64-new-TK 2.1.5 NOTE
r-devel-windows-x86_64-old 2.1.5 11.00 169.00 180.00 NOTE
r-patched-linux-x86_64 2.1.5 7.63 122.01 129.64 NOTE
r-patched-solaris-x86 2.1.5 150.50 NOTE
r-release-linux-x86_64 2.1.5 8.39 120.17 128.56 NOTE
r-release-macos-arm64 2.1.5 NOTE
r-release-macos-x86_64 2.1.5 NOTE
r-release-windows-ix86+x86_64 2.1.5 19.00 126.00 145.00 NOTE
r-oldrel-macos-x86_64 2.1.5 OK
r-oldrel-windows-ix86+x86_64 2.1.5 17.00 164.00 181.00 OK

Check Details

Version: 2.1.5
Check: LazyData
Result: NOTE
     'LazyData' is specified without a 'data' directory
Flavors: r-devel-linux-x86_64-debian-clang, r-devel-linux-x86_64-debian-gcc, r-devel-linux-x86_64-fedora-clang, r-devel-linux-x86_64-fedora-gcc, r-devel-windows-x86_64-new-UL, r-devel-windows-x86_64-new-TK, r-devel-windows-x86_64-old, r-patched-linux-x86_64, r-patched-solaris-x86, r-release-linux-x86_64, r-release-macos-arm64, r-release-macos-x86_64, r-release-windows-ix86+x86_64