CRAN Package Check Results for Package neuroim

Last updated on 2021-11-28 05:49:40 CET.

Flavor Version Tinstall Tcheck Ttotal Status Flags
r-devel-linux-x86_64-debian-clang 0.0.6 OK
r-devel-linux-x86_64-debian-gcc 0.0.6 31.82 117.05 148.87 OK
r-devel-linux-x86_64-fedora-clang 0.0.6 255.60 NOTE
r-devel-linux-x86_64-fedora-gcc 0.0.6 234.15 NOTE
r-devel-windows-x86_64-new-UL 0.0.6 89.00 240.00 329.00 OK
r-devel-windows-x86_64-new-TK 0.0.6 OK
r-devel-windows-x86_64-old 0.0.6 51.00 174.00 225.00 OK
r-patched-linux-x86_64 0.0.6 42.37 141.76 184.13 OK
r-patched-solaris-x86 0.0.6 290.50 OK
r-release-linux-x86_64 0.0.6 30.05 143.22 173.27 OK
r-release-macos-arm64 0.0.6 OK
r-release-macos-x86_64 0.0.6 OK
r-release-windows-ix86+x86_64 0.0.6 95.00 254.00 349.00 OK
r-oldrel-macos-x86_64 0.0.6 OK
r-oldrel-windows-ix86+x86_64 0.0.6 92.00 243.00 335.00 OK

Check Details

Version: 0.0.6
Check: compiled code
Result: NOTE
    File ‘neuroim/libs/neuroim.so’:
     Found no calls to: ‘R_registerRoutines’, ‘R_useDynamicSymbols’
    
    It is good practice to register native routines and to disable symbol
    search.
    
    See ‘Writing portable packages’ in the ‘Writing R Extensions’ manual.
Flavors: r-devel-linux-x86_64-fedora-clang, r-devel-linux-x86_64-fedora-gcc