CRAN Package Check Results for Package netgen

Last updated on 2021-08-04 05:52:44 CEST.

Flavor Version Tinstall Tcheck Ttotal Status Flags
r-devel-linux-x86_64-debian-clang 1.3.2 7.28 65.12 72.40 NOTE
r-devel-linux-x86_64-debian-gcc 1.3.2 5.53 48.18 53.71 NOTE
r-devel-linux-x86_64-fedora-clang 1.3.2 92.02 NOTE
r-devel-linux-x86_64-fedora-gcc 1.3.2 81.72 NOTE
r-devel-windows-x86_64 1.3.2 9.00 82.00 91.00 NOTE
r-devel-windows-x86_64-gcc10-UCRT 1.3.2 NOTE
r-patched-linux-x86_64 1.3.2 7.04 59.64 66.68 NOTE
r-patched-solaris-x86 1.3.2 120.30 NOTE
r-release-linux-x86_64 1.3.2 7.14 60.18 67.32 NOTE
r-release-macos-arm64 1.3.2 NOTE
r-release-macos-x86_64 1.3.2 NOTE
r-release-windows-ix86+x86_64 1.3.2 16.00 81.00 97.00 NOTE
r-oldrel-macos-x86_64 1.3.2 OK
r-oldrel-windows-ix86+x86_64 1.3.2 14.00 83.00 97.00 OK

Check Details

Version: 1.3.2
Check: LazyData
Result: NOTE
     'LazyData' is specified without a 'data' directory
Flavors: r-devel-linux-x86_64-debian-clang, r-devel-linux-x86_64-debian-gcc, r-devel-linux-x86_64-fedora-clang, r-devel-linux-x86_64-fedora-gcc, r-devel-windows-x86_64, r-devel-windows-x86_64-gcc10-UCRT, r-patched-linux-x86_64, r-patched-solaris-x86, r-release-linux-x86_64, r-release-macos-arm64, r-release-macos-x86_64, r-release-windows-ix86+x86_64