CRAN Package Check Results for Package neatmaps

Last updated on 2021-07-31 05:51:54 CEST.

Flavor Version Tinstall Tcheck Ttotal Status Flags
r-devel-linux-x86_64-debian-clang 2.1.0 8.51 90.58 99.09 OK
r-devel-linux-x86_64-debian-gcc 2.1.0 7.30 67.12 74.42 OK
r-devel-linux-x86_64-fedora-clang 2.1.0 124.69 NOTE
r-devel-linux-x86_64-fedora-gcc 2.1.0 112.56 OK
r-devel-windows-x86_64 2.1.0 17.00 112.00 129.00 NOTE
r-devel-windows-x86_64-gcc10-UCRT 2.1.0 OK
r-patched-linux-x86_64 2.1.0 OK
r-patched-solaris-x86 2.1.0 168.10 NOTE
r-release-linux-x86_64 2.1.0 9.17 84.09 93.26 OK
r-release-macos-arm64 2.1.0 ERROR
r-release-macos-x86_64 2.1.0 ERROR
r-release-windows-ix86+x86_64 2.1.0 21.00 90.00 111.00 NOTE
r-oldrel-macos-x86_64 2.1.0 ERROR
r-oldrel-windows-ix86+x86_64 2.1.0 28.00 114.00 142.00 NOTE

Check Details

Version: 2.1.0
Check: installed package size
Result: NOTE
     installed size is 6.3Mb
Flavors: r-devel-linux-x86_64-fedora-clang, r-devel-windows-x86_64, r-patched-solaris-x86, r-release-windows-ix86+x86_64, r-oldrel-windows-ix86+x86_64

Version: 2.1.0
Check: package dependencies
Result: ERROR
    Package required but not available: ‘ConsensusClusterPlus’
    
    See section ‘The DESCRIPTION file’ in the ‘Writing R Extensions’
    manual.
Flavors: r-release-macos-arm64, r-release-macos-x86_64, r-oldrel-macos-x86_64