CRAN Package Check Results for Package nat.utils

Last updated on 2021-09-20 05:50:06 CEST.

Flavor Version Tinstall Tcheck Ttotal Status Flags
r-devel-linux-x86_64-debian-clang 0.5.1 1.82 24.19 26.01 OK
r-devel-linux-x86_64-debian-gcc 0.5.1 1.78 18.92 20.70 OK
r-devel-linux-x86_64-fedora-clang 0.5.1 40.97 OK
r-devel-linux-x86_64-fedora-gcc 0.5.1 30.24 OK
r-devel-windows-x86_64 0.5.1 5.00 33.00 38.00 OK
r-devel-windows-x86_64-gcc10-UCRT 0.5.1 ERROR
r-patched-linux-x86_64 0.5.1 2.20 23.22 25.42 OK
r-patched-solaris-x86 0.5.1 47.40 OK
r-release-linux-x86_64 0.5.1 2.03 23.18 25.21 OK
r-release-macos-arm64 0.5.1 OK
r-release-macos-x86_64 0.5.1 OK
r-release-windows-ix86+x86_64 0.5.1 5.00 32.00 37.00 OK
r-oldrel-macos-x86_64 0.5.1 OK
r-oldrel-windows-ix86+x86_64 0.5.1 5.00 31.00 36.00 OK

Check Details

Version: 0.5.1
Check: whether package can be installed
Result: WARN
    Found the following significant warnings:
     WARNING: installation-time patches will not be applied, could not get the patches index
Flavor: r-devel-windows-x86_64-gcc10-UCRT

Version: 0.5.1
Check: PDF version of manual
Result: WARN
    LaTeX errors when creating PDF version.
    This typically indicates Rd problems.
Flavor: r-devel-windows-x86_64-gcc10-UCRT

Version: 0.5.1
Check: PDF version of manual without hyperrefs or index
Result: ERROR
    Re-running with no redirection of stdout/stderr.
Flavor: r-devel-windows-x86_64-gcc10-UCRT