CRAN Package Check Results for Package multinet

Last updated on 2021-08-01 05:52:08 CEST.

Flavor Version Tinstall Tcheck Ttotal Status Flags
r-devel-linux-x86_64-debian-clang 4.0 653.13 49.45 702.58 OK
r-devel-linux-x86_64-debian-gcc 4.0 647.26 38.49 685.75 OK
r-devel-linux-x86_64-fedora-clang 4.0 1237.86 NOTE
r-devel-linux-x86_64-fedora-gcc 4.0 1273.87 OK
r-devel-windows-x86_64 4.0 689.00 97.00 786.00 OK
r-devel-windows-x86_64-gcc10-UCRT 4.0 OK
r-patched-linux-x86_64 4.0 OK
r-patched-solaris-x86 4.0 1662.20 OK
r-release-linux-x86_64 4.0 737.68 48.70 786.38 OK
r-release-macos-arm64 4.0 NOTE
r-release-macos-x86_64 4.0 NOTE
r-release-windows-ix86+x86_64 4.0 1816.00 103.00 1919.00 NOTE
r-oldrel-macos-x86_64 4.0 NOTE
r-oldrel-windows-ix86+x86_64 4.0 1407.00 140.00 1547.00 NOTE

Check Details

Version: 4.0
Check: installed package size
Result: NOTE
     installed size is 57.2Mb
     sub-directories of 1Mb or more:
     libs 57.0Mb
Flavors: r-devel-linux-x86_64-fedora-clang, r-release-macos-arm64, r-release-macos-x86_64, r-release-windows-ix86+x86_64, r-oldrel-macos-x86_64, r-oldrel-windows-ix86+x86_64