CRAN Package Check Results for Package msgps

Last updated on 2021-09-20 05:50:05 CEST.

Flavor Version Tinstall Tcheck Ttotal Status Flags
r-devel-linux-x86_64-debian-clang 1.3.1 4.70 28.64 33.34 OK
r-devel-linux-x86_64-debian-gcc 1.3.1 3.77 22.34 26.11 OK
r-devel-linux-x86_64-fedora-clang 1.3.1 49.76 NOTE
r-devel-linux-x86_64-fedora-gcc 1.3.1 38.86 NOTE
r-devel-windows-x86_64 1.3.1 7.00 31.00 38.00 OK
r-devel-windows-x86_64-gcc10-UCRT 1.3.1 ERROR
r-patched-linux-x86_64 1.3.1 5.45 27.63 33.08 OK
r-patched-solaris-x86 1.3.1 59.40 OK
r-release-linux-x86_64 1.3.1 4.64 27.44 32.08 OK
r-release-macos-arm64 1.3.1 OK
r-release-macos-x86_64 1.3.1 OK
r-release-windows-ix86+x86_64 1.3.1 12.00 38.00 50.00 OK
r-oldrel-macos-x86_64 1.3.1 OK
r-oldrel-windows-ix86+x86_64 1.3.1 9.00 34.00 43.00 OK

Check Details

Version: 1.3.1
Check: compiled code
Result: NOTE
    File ‘msgps/libs/msgps.so’:
     Found no calls to: ‘R_registerRoutines’, ‘R_useDynamicSymbols’
    
    It is good practice to register native routines and to disable symbol
    search.
    
    See ‘Writing portable packages’ in the ‘Writing R Extensions’ manual.
Flavors: r-devel-linux-x86_64-fedora-clang, r-devel-linux-x86_64-fedora-gcc

Version: 1.3.1
Check: whether package can be installed
Result: ERROR
    Installation failed.
Flavor: r-devel-windows-x86_64-gcc10-UCRT