CRAN Package Check Results for Package momentuHMM

Last updated on 2021-05-14 05:50:25 CEST.

Flavor Version Tinstall Tcheck Ttotal Status Flags
r-devel-linux-x86_64-debian-clang 1.5.2 141.12 326.21 467.33 OK
r-devel-linux-x86_64-debian-gcc 1.5.2 97.75 234.89 332.64 OK
r-devel-linux-x86_64-fedora-clang 1.5.2 577.41 NOTE
r-devel-linux-x86_64-fedora-gcc 1.5.2 553.88 OK
r-devel-windows-ix86+x86_64 1.5.2 301.00 362.00 663.00 NOTE
r-devel-windows-x86_64-gcc10-UCRT 1.5.2 OK
r-patched-linux-x86_64 1.5.2 123.77 308.76 432.53 OK
r-patched-solaris-x86 1.5.2 605.90 OK
r-release-linux-x86_64 1.5.2 116.00 287.75 403.75 OK
r-release-macos-x86_64 1.5.2 NOTE
r-release-windows-ix86+x86_64 1.5.2 215.00 506.00 721.00 NOTE
r-oldrel-macos-x86_64 1.5.2 NOTE
r-oldrel-windows-ix86+x86_64 1.5.2 257.00 440.00 697.00 NOTE

Check Details

Version: 1.5.2
Check: package dependencies
Result: NOTE
    Imports includes 21 non-default packages.
    Importing from so many packages makes the package vulnerable to any of
    them becoming unavailable. Move as many as possible to Suggests and
    use conditionally.
Flavor: r-devel-linux-x86_64-fedora-clang

Version: 1.5.2
Check: installed package size
Result: NOTE
     installed size is 7.7Mb
     sub-directories of 1Mb or more:
     R 1.2Mb
     doc 1.7Mb
     libs 4.1Mb
Flavors: r-devel-linux-x86_64-fedora-clang, r-devel-windows-ix86+x86_64, r-release-macos-x86_64, r-release-windows-ix86+x86_64, r-oldrel-macos-x86_64, r-oldrel-windows-ix86+x86_64

Version: 1.5.2
Check: Rd cross-references
Result: NOTE
    Undeclared package ‘sf’ in Rd xrefs
Flavor: r-devel-linux-x86_64-fedora-clang