CRAN Package Check Results for Package molic

Last updated on 2021-08-03 05:52:53 CEST.

Flavor Version Tinstall Tcheck Ttotal Status Flags
r-devel-linux-x86_64-debian-clang 2.0.3 42.94 146.03 188.97 OK
r-devel-linux-x86_64-debian-gcc 2.0.3 28.95 107.67 136.62 OK
r-devel-linux-x86_64-fedora-clang 2.0.3 238.65 NOTE
r-devel-linux-x86_64-fedora-gcc 2.0.3 234.49 OK
r-devel-windows-x86_64 2.0.3 39.00 207.00 246.00 OK
r-devel-windows-x86_64-gcc10-UCRT 2.0.3 OK
r-patched-linux-x86_64 2.0.3 39.46 141.31 180.77 OK
r-patched-solaris-x86 2.0.3 282.10 OK
r-release-linux-x86_64 2.0.3 34.43 139.87 174.30 OK
r-release-macos-arm64 2.0.3 WARN
r-release-macos-x86_64 2.0.3 NOTE
r-release-windows-ix86+x86_64 2.0.3 94.00 241.00 335.00 NOTE
r-oldrel-macos-x86_64 2.0.3 NOTE
r-oldrel-windows-ix86+x86_64 2.0.3 67.00 243.00 310.00 NOTE

Check Details

Version: 2.0.3
Check: installed package size
Result: NOTE
     installed size is 5.3Mb
     sub-directories of 1Mb or more:
     extdata 1.6Mb
     libs 2.5Mb
Flavors: r-devel-linux-x86_64-fedora-clang, r-release-macos-arm64, r-release-macos-x86_64, r-release-windows-ix86+x86_64, r-oldrel-macos-x86_64, r-oldrel-windows-ix86+x86_64

Version: 2.0.3
Check: re-building of vignette outputs
Result: WARN
    Error(s) in re-building vignettes:
    --- re-building ‘dermatitis.Rmd’ using rmarkdown
    Warning in engine$weave(file, quiet = quiet, encoding = enc) :
     Pandoc (>= 1.12.3) not available. Falling back to R Markdown v1.
    
    Attaching package: 'dplyr'
    
    The following objects are masked from 'package:stats':
    
     filter, lag
    
    The following objects are masked from 'package:base':
    
     intersect, setdiff, setequal, union
    
    
    Attaching package: 'molic'
    
    The following object is masked from 'package:stats':
    
     deviance
    
    Quitting from lines 107-108 (dermatitis.Rmd)
    Error: processing vignette 'dermatitis.Rmd' failed with diagnostics:
    polygon edge not found
    --- failed re-building ‘dermatitis.Rmd’
    
    --- re-building ‘genetic_example.Rmd’ using rmarkdown
    Warning in engine$weave(file, quiet = quiet, encoding = enc) :
     Pandoc (>= 1.12.3) not available. Falling back to R Markdown v1.
    
    Attaching package: 'molic'
    
    The following object is masked from 'package:stats':
    
     deviance
    
    
    Attaching package: 'dplyr'
    
    The following objects are masked from 'package:stats':
    
     filter, lag
    
    The following objects are masked from 'package:base':
    
     intersect, setdiff, setequal, union
    
    Warning in grid.Call(C_stringMetric, as.graphicsAnnot(x$label)) :
     no font could be found for family "Arial"
    Warning in grid.Call(C_stringMetric, as.graphicsAnnot(x$label)) :
     no font could be found for family "Arial"
    Warning in grid.Call(C_stringMetric, as.graphicsAnnot(x$label)) :
     no font could be found for family "Arial"
    Warning in grid.Call(C_stringMetric, as.graphicsAnnot(x$label)) :
     no font could be found for family "Arial"
    Warning in grid.Call(C_stringMetric, as.graphicsAnnot(x$label)) :
     no font could be found for family "Arial"
    Warning in grid.Call(C_stringMetric, as.graphicsAnnot(x$label)) :
     no font could be found for family "Arial"
    Warning in grid.Call(C_stringMetric, as.graphicsAnnot(x$label)) :
     no font could be found for family "Arial"
    Warning in grid.Call(C_stringMetric, as.graphicsAnnot(x$label)) :
     no font could be found for family "Arial"
    Warning in grid.Call(C_stringMetric, as.graphicsAnnot(x$label)) :
     no font could be found for family "Arial"
    Warning in grid.Call(C_stringMetric, as.graphicsAnnot(x$label)) :
     no font could be found for family "Arial"
    Warning in grid.Call(C_stringMetric, as.graphicsAnnot(x$label)) :
     no font could be found for family "Arial"
    Warning in grid.Call(C_stringMetric, as.graphicsAnnot(x$label)) :
     no font could be found for family "Arial"
    Warning in grid.Call(C_stringMetric, as.graphicsAnnot(x$label)) :
     no font could be found for family "Arial"
    Warning in grid.Call(C_stringMetric, as.graphicsAnnot(x$label)) :
     no font could be found for family "Arial"
    Warning in grid.Call(C_stringMetric, as.graphicsAnnot(x$label)) :
     no font could be found for family "Arial"
    Warning in grid.Call(C_stringMetric, as.graphicsAnnot(x$label)) :
     no font could be found for family "Arial"
    Warning in grid.Call(C_stringMetric, as.graphicsAnnot(x$label)) :
     no font could be found for family "Arial"
    Warning in grid.Call(C_stringMetric, as.graphicsAnnot(x$label)) :
     no font could be found for family "Arial"
    Warning in grid.Call(C_stringMetric, as.graphicsAnnot(x$label)) :
     no font could be found for family "Arial"
    Warning in grid.Call(C_stringMetric, as.graphicsAnnot(x$label)) :
     no font could be found for family "Arial"
    Warning in grid.Call(C_stringMetric, as.graphicsAnnot(x$label)) :
     no font could be found for family "Arial"
    Warning in grid.Call(C_stringMetric, as.graphicsAnnot(x$label)) :
     no font could be found for family "Arial"
    Warning in grid.Call(C_stringMetric, as.graphicsAnnot(x$label)) :
     no font could be found for family "Arial"
    Warning in grid.Call(C_stringMetric, as.graphicsAnnot(x$label)) :
     no font could be found for family "Arial"
    Warning in grid.Call(C_stringMetric, as.graphicsAnnot(x$label)) :
     no font could be found for family "Arial"
    Warning in grid.Call(C_stringMetric, as.graphicsAnnot(x$label)) :
     no font could be found for family "Arial"
    Warning in grid.Call(C_stringMetric, as.graphicsAnnot(x$label)) :
     no font could be found for family "Arial"
    Warning in grid.Call(C_stringMetric, as.graphicsAnnot(x$label)) :
     no font could be found for family "Arial"
    Quitting from lines 91-92 (genetic_example.Rmd)
    Error: processing vignette 'genetic_example.Rmd' failed with diagnostics:
    polygon edge not found
    --- failed re-building ‘genetic_example.Rmd’
    
    --- re-building ‘outlier_intro.Rmd’ using rmarkdown
    Warning in engine$weave(file, quiet = quiet, encoding = enc) :
     Pandoc (>= 1.12.3) not available. Falling back to R Markdown v1.
    
    Attaching package: 'dplyr'
    
    The following objects are masked from 'package:stats':
    
     filter, lag
    
    The following objects are masked from 'package:base':
    
     intersect, setdiff, setequal, union
    
    Warning in text.default(x, y, labels = labels, col = label.color, family = label.family, :
     font "Times-Roman" could not be found for family "serif"
    Warning in text.default(x, y, labels = labels, col = label.color, family = label.family, :
     font "Times-Roman" could not be found for family "serif"
    Warning in text.default(x, y, labels = labels, col = label.color, family = label.family, :
     font "Times-Roman" could not be found for family "serif"
    Warning in text.default(x, y, labels = labels, col = label.color, family = label.family, :
     font "Times-Roman" could not be found for family "serif"
    Warning in text.default(x, y, labels = labels, col = label.color, family = label.family, :
     font "Times-Roman" could not be found for family "serif"
    Warning in text.default(x, y, labels = labels, col = label.color, family = label.family, :
     font "Times-Roman" could not be found for family "serif"
    Warning in text.default(x, y, labels = labels, col = label.color, family = label.family, :
     font "Times-Roman" could not be found for family "serif"
    Warning in text.default(x, y, labels = labels, col = label.color, family = label.family, :
     font "Times-Roman" could not be found for family "serif"
    Warning in text.default(x, y, labels = labels, col = label.color, family = label.family, :
     font "Times-Roman" could not be found for family "serif"
    Warning in text.default(x, y, labels = labels, col = label.color, family = label.family, :
     font "Times-Roman" could not be found for family "serif"
    Warning in text.default(x, y, labels = labels, col = label.color, family = label.family, :
     font "Times-Roman" could not be found for family "serif"
    Warning in text.default(x, y, labels = labels, col = label.color, family = label.family, :
     font "Times-Roman" could not be found for family "serif"
    Warning in text.default(x, y, labels = labels, col = label.color, family = label.family, :
     font "Times-Roman" could not be found for family "serif"
    Warning in text.default(x, y, labels = labels, col = label.color, family = label.family, :
     font "Times-Roman" could not be found for family "serif"
    Warning in text.default(x, y, labels = labels, col = label.color, family = label.family, :
     font "Times-Roman" could not be found for family "serif"
    Warning in text.default(x, y, labels = labels, col = label.color, family = label.family, :
     font "Times-Roman" could not be found for family "serif"
    Warning in doTryCatch(return(expr), name, parentenv, handler) :
     font "Times-Roman" could not be found for family "serif"
    Warning in doTryCatch(return(expr), name, parentenv, handler) :
     font "Times-Roman" could not be found for family "serif"
    Warning in doTryCatch(return(expr), name, parentenv, handler) :
     font "Times-Roman" could not be found for family "serif"
    Warning in doTryCatch(return(expr), name, parentenv, handler) :
     font "Times-Roman" could not be found for family "serif"
    Warning in doTryCatch(return(expr), name, parentenv, handler) :
     font "Times-Roman" could not be found for family "serif"
    Warning in doTryCatch(return(expr), name, parentenv, handler) :
     font "Times-Roman" could not be found for family "serif"
    Warning in doTryCatch(return(expr), name, parentenv, handler) :
     font "Times-Roman" could not be found for family "serif"
    Warning in doTryCatch(return(expr), name, parentenv, handler) :
     font "Times-Roman" could not be found for family "serif"
    Warning in doTryCatch(return(expr), name, parentenv, handler) :
     font "Times-Roman" could not be found for family "serif"
    Warning in doTryCatch(return(expr), name, parentenv, handler) :
     font "Times-Roman" could not be found for family "serif"
    Warning in doTryCatch(return(expr), name, parentenv, handler) :
     font "Times-Roman" could not be found for family "serif"
    Warning in doTryCatch(return(expr), name, parentenv, handler) :
     font "Times-Roman" could not be found for family "serif"
    Warning in doTryCatch(return(expr), name, parentenv, handler) :
     font "Times-Roman" could not be found for family "serif"
    Warning in doTryCatch(return(expr), name, parentenv, handler) :
     font "Times-Roman" could not be found for family "serif"
    Warning in doTryCatch(return(expr), name, parentenv, handler) :
     font "Times-Roman" could not be found for family "serif"
    Warning in doTryCatch(return(expr), name, parentenv, handler) :
     font "Times-Roman" could not be found for family "serif"
    --- finished re-building ‘outlier_intro.Rmd’
    
    SUMMARY: processing the following files failed:
     ‘dermatitis.Rmd’ ‘genetic_example.Rmd’
    
    Error: Vignette re-building failed.
    Execution halted
Flavor: r-release-macos-arm64