CRAN Package Check Results for Package metacoder

Last updated on 2021-07-30 05:52:19 CEST.

Flavor Version Tinstall Tcheck Ttotal Status Flags
r-devel-linux-x86_64-debian-clang 0.3.5 OK
r-devel-linux-x86_64-debian-gcc 0.3.5 32.38 133.58 165.96 OK
r-devel-linux-x86_64-fedora-clang 0.3.5 284.94 NOTE
r-devel-linux-x86_64-fedora-gcc 0.3.5 266.06 NOTE
r-devel-windows-x86_64 0.3.5 80.00 234.00 314.00 OK
r-devel-windows-x86_64-gcc10-UCRT 0.3.5 NOTE
r-patched-linux-x86_64 0.3.5 OK
r-patched-solaris-x86 0.3.5 324.00 NOTE
r-release-linux-x86_64 0.3.5 39.86 170.96 210.82 OK
r-release-macos-arm64 0.3.5 ERROR
r-release-macos-x86_64 0.3.5 NOTE
r-release-windows-ix86+x86_64 0.3.5 90.00 342.00 432.00 OK
r-oldrel-macos-x86_64 0.3.5 NOTE
r-oldrel-windows-ix86+x86_64 0.3.5 84.00 366.00 450.00 OK

Check Details

Version: 0.3.5
Check: dependencies in R code
Result: NOTE
    Namespace in Imports field not imported from: ‘R6’
     All declared Imports should be used.
Flavors: r-devel-linux-x86_64-fedora-clang, r-devel-linux-x86_64-fedora-gcc, r-devel-windows-x86_64-gcc10-UCRT, r-patched-solaris-x86, r-release-macos-arm64, r-release-macos-x86_64, r-oldrel-macos-x86_64

Version: 0.3.5
Check: package dependencies
Result: NOTE
    Packages suggested but not available for checking: 'phyloseq', 'biomformat'
Flavor: r-release-macos-arm64

Version: 0.3.5
Check: tests
Result: ERROR
     Running ‘testthat.R’ [9s/9s]
    Running the tests in ‘tests/testthat.R’ failed.
    Last 13 lines of output:
     >
     > test_check("metacoder")
     ══ Skipped tests ═══════════════════════════════════════════════════════════════
     • On CRAN (3)
    
     ══ Failed tests ════════════════════════════════════════════════════════════════
     ── Error (test--parsers_and_writers.R:202:3): Converting to phyloseq ───────────
     Error: there is no package called 'phyloseq'
     Backtrace:
     █
     1. └─base::library(phyloseq) test--parsers_and_writers.R:202:2
    
     [ FAIL 1 | WARN 0 | SKIP 3 | PASS 535 ]
     Error: Test failures
     Execution halted
Flavor: r-release-macos-arm64