CRAN Package Check Results for Package mcvis

Last updated on 2021-08-03 05:52:50 CEST.

Flavor Version Tinstall Tcheck Ttotal Status Flags
r-devel-linux-x86_64-debian-gcc 1.0.8 5.09 64.05 69.14 OK
r-devel-linux-x86_64-fedora-clang 1.0.8 114.67 OK
r-devel-linux-x86_64-fedora-gcc 1.0.8 104.30 OK
r-devel-windows-x86_64-gcc10-UCRT 1.0.8 OK
r-patched-linux-x86_64 1.0.8 6.25 77.27 83.52 OK
r-patched-solaris-x86 1.0.8 147.90 OK
r-release-linux-x86_64 1.0.8 6.26 78.12 84.38 OK
r-release-macos-arm64 1.0.8 WARN
r-release-macos-x86_64 1.0.8 OK
r-oldrel-macos-x86_64 1.0.8 OK

Check Details

Version: 1.0.8
Check: re-building of vignette outputs
Result: WARN
    Error(s) in re-building vignettes:
     ...
    --- re-building ‘mcvis.Rmd’ using rmarkdown
    Warning in engine$weave(file, quiet = quiet, encoding = enc) :
     Pandoc (>= 1.12.3) not available. Falling back to R Markdown v1.
    Quitting from lines 65-66 (mcvis.Rmd)
    Error: processing vignette 'mcvis.Rmd' failed with diagnostics:
    polygon edge not found
    --- failed re-building ‘mcvis.Rmd’
    
    SUMMARY: processing the following file failed:
     ‘mcvis.Rmd’
    
    Error: Vignette re-building failed.
    Execution halted
Flavor: r-release-macos-arm64