CRAN Package Check Results for Package mapedit

Last updated on 2021-12-01 05:59:30 CET.

Flavor Version Tinstall Tcheck Ttotal Status Flags
r-devel-linux-x86_64-debian-clang 0.6.0 4.84 47.54 52.38 NOTE
r-devel-linux-x86_64-debian-gcc 0.6.0 3.20 39.87 43.07 NOTE
r-devel-linux-x86_64-fedora-clang 0.6.0 74.96 NOTE
r-devel-linux-x86_64-fedora-gcc 0.6.0 62.94 NOTE
r-devel-windows-x86_64-new-UL 0.6.0 14.00 91.00 105.00 NOTE
r-devel-windows-x86_64-new-TK 0.6.0 NOTE
r-devel-windows-x86_64-old 0.6.0 9.00 54.00 63.00 NOTE
r-patched-linux-x86_64 0.6.0 8.17 46.14 54.31 NOTE
r-patched-solaris-x86 0.6.0 95.30 NOTE
r-release-linux-x86_64 0.6.0 3.66 46.15 49.81 NOTE
r-release-macos-arm64 0.6.0 NOTE
r-release-macos-x86_64 0.6.0 NOTE
r-release-windows-ix86+x86_64 0.6.0 13.00 51.00 64.00 NOTE
r-oldrel-macos-x86_64 0.6.0 OK
r-oldrel-windows-ix86+x86_64 0.6.0 9.00 49.00 58.00 OK

Check Details

Version: 0.6.0
Check: LazyData
Result: NOTE
     'LazyData' is specified without a 'data' directory
Flavors: r-devel-linux-x86_64-debian-clang, r-devel-linux-x86_64-debian-gcc, r-devel-linux-x86_64-fedora-clang, r-devel-linux-x86_64-fedora-gcc, r-devel-windows-x86_64-new-UL, r-devel-windows-x86_64-new-TK, r-devel-windows-x86_64-old, r-patched-linux-x86_64, r-patched-solaris-x86, r-release-linux-x86_64, r-release-macos-arm64, r-release-macos-x86_64, r-release-windows-ix86+x86_64