CRAN Package Check Results for Package lorec

Last updated on 2021-11-28 05:49:38 CET.

Flavor Version Tinstall Tcheck Ttotal Status Flags
r-devel-linux-x86_64-debian-clang 0.6.1 NOTE
r-devel-linux-x86_64-debian-gcc 0.6.1 2.04 15.03 17.07 NOTE
r-devel-linux-x86_64-fedora-clang 0.6.1 38.81 NOTE
r-devel-linux-x86_64-fedora-gcc 0.6.1 27.41 NOTE
r-devel-windows-x86_64-new-UL 0.6.1 8.00 58.00 66.00 NOTE
r-devel-windows-x86_64-new-TK 0.6.1 NOTE
r-devel-windows-x86_64-old 0.6.1 5.00 39.00 44.00 NOTE
r-patched-linux-x86_64 0.6.1 2.46 17.90 20.36 NOTE
r-patched-solaris-x86 0.6.1 42.10 NOTE
r-release-linux-x86_64 0.6.1 2.34 17.91 20.25 NOTE
r-release-macos-arm64 0.6.1 NOTE
r-release-macos-x86_64 0.6.1 NOTE
r-release-windows-ix86+x86_64 0.6.1 9.00 35.00 44.00 NOTE
r-oldrel-macos-x86_64 0.6.1 NOTE
r-oldrel-windows-ix86+x86_64 0.6.1 7.00 34.00 41.00 NOTE

Check Details

Version: 0.6.1
Check: package dependencies
Result: NOTE
    Package suggested but not available for checking: 'scio'
Flavors: r-devel-linux-x86_64-debian-clang, r-devel-linux-x86_64-debian-gcc, r-devel-linux-x86_64-fedora-clang, r-devel-linux-x86_64-fedora-gcc, r-devel-windows-x86_64-new-UL, r-devel-windows-x86_64-new-TK, r-patched-linux-x86_64, r-patched-solaris-x86, r-release-linux-x86_64, r-release-macos-arm64, r-release-macos-x86_64

Version: 0.6.1
Check: DESCRIPTION meta-information
Result: NOTE
    Malformed Description field: should contain one or more complete sentences.
Flavors: r-devel-linux-x86_64-debian-clang, r-devel-linux-x86_64-debian-gcc, r-devel-linux-x86_64-fedora-clang, r-devel-linux-x86_64-fedora-gcc, r-devel-windows-x86_64-new-UL, r-devel-windows-x86_64-new-TK, r-devel-windows-x86_64-old, r-patched-linux-x86_64, r-patched-solaris-x86, r-release-linux-x86_64, r-release-macos-arm64, r-release-macos-x86_64, r-release-windows-ix86+x86_64, r-oldrel-macos-x86_64, r-oldrel-windows-ix86+x86_64

Version: 0.6.1
Check: compiled code
Result: NOTE
    File ‘lorec/libs/lorec.so’:
     Found no calls to: ‘R_registerRoutines’, ‘R_useDynamicSymbols’
    
    It is good practice to register native routines and to disable symbol
    search.
    
    See ‘Writing portable packages’ in the ‘Writing R Extensions’ manual.
Flavors: r-devel-linux-x86_64-fedora-clang, r-devel-linux-x86_64-fedora-gcc