CRAN Package Check Results for Package loe

Last updated on 2021-08-01 05:52:04 CEST.

Flavor Version Tinstall Tcheck Ttotal Status Flags
r-devel-linux-x86_64-debian-clang 1.1 3.38 30.10 33.48 OK
r-devel-linux-x86_64-debian-gcc 1.1 2.49 23.63 26.12 OK
r-devel-linux-x86_64-fedora-clang 1.1 50.38 NOTE
r-devel-linux-x86_64-fedora-gcc 1.1 39.31 NOTE
r-devel-windows-x86_64 1.1 5.00 48.00 53.00 OK
r-devel-windows-x86_64-gcc10-UCRT 1.1 OK
r-patched-linux-x86_64 1.1 OK
r-patched-solaris-x86 1.1 62.80 OK
r-release-linux-x86_64 1.1 2.83 28.97 31.80 OK
r-release-macos-arm64 1.1 OK
r-release-macos-x86_64 1.1 OK
r-release-windows-ix86+x86_64 1.1 10.00 50.00 60.00 OK
r-oldrel-macos-x86_64 1.1 OK
r-oldrel-windows-ix86+x86_64 1.1 8.00 61.00 69.00 OK

Check Details

Version: 1.1
Check: compiled code
Result: NOTE
    File ‘loe/libs/loe.so’:
     Found no calls to: ‘R_registerRoutines’, ‘R_useDynamicSymbols’
    
    It is good practice to register native routines and to disable symbol
    search.
    
    See ‘Writing portable packages’ in the ‘Writing R Extensions’ manual.
Flavors: r-devel-linux-x86_64-fedora-clang, r-devel-linux-x86_64-fedora-gcc