CRAN Package Check Results for Package locits

Last updated on 2021-07-31 05:51:51 CEST.

Flavor Version Tinstall Tcheck Ttotal Status Flags
r-devel-linux-x86_64-debian-clang 1.7.3 7.10 58.45 65.55 OK
r-devel-linux-x86_64-debian-gcc 1.7.3 4.71 45.76 50.47 OK
r-devel-linux-x86_64-fedora-clang 1.7.3 86.58 NOTE
r-devel-linux-x86_64-fedora-gcc 1.7.3 76.57 NOTE
r-devel-windows-x86_64 1.7.3 7.00 79.00 86.00 OK
r-devel-windows-x86_64-gcc10-UCRT 1.7.3 OK
r-patched-linux-x86_64 1.7.3 OK
r-patched-solaris-x86 1.7.3 117.00 OK
r-release-linux-x86_64 1.7.3 6.14 57.25 63.39 OK
r-release-macos-arm64 1.7.3 OK
r-release-macos-x86_64 1.7.3 OK
r-release-windows-ix86+x86_64 1.7.3 13.00 77.00 90.00 OK
r-oldrel-macos-x86_64 1.7.3 OK
r-oldrel-windows-ix86+x86_64 1.7.3 11.00 102.00 113.00 OK

Check Details

Version: 1.7.3
Check: compiled code
Result: NOTE
    File ‘locits/libs/locits.so’:
     Found no calls to: ‘R_registerRoutines’, ‘R_useDynamicSymbols’
    
    It is good practice to register native routines and to disable symbol
    search.
    
    See ‘Writing portable packages’ in the ‘Writing R Extensions’ manual.
Flavors: r-devel-linux-x86_64-fedora-clang, r-devel-linux-x86_64-fedora-gcc