CRAN Package Check Results for Package lle

Last updated on 2021-09-20 05:50:01 CEST.

Flavor Version Tinstall Tcheck Ttotal Status Flags
r-devel-linux-x86_64-debian-clang 1.1 2.91 50.68 53.59 NOTE
r-devel-linux-x86_64-debian-gcc 1.1 2.20 38.83 41.03 NOTE
r-devel-linux-x86_64-fedora-clang 1.1 72.95 NOTE
r-devel-linux-x86_64-fedora-gcc 1.1 62.40 NOTE
r-devel-windows-x86_64 1.1 4.00 57.00 61.00 NOTE
r-devel-windows-x86_64-gcc10-UCRT 1.1 ERROR
r-patched-linux-x86_64 1.1 2.78 48.92 51.70 NOTE
r-patched-solaris-x86 1.1 115.30 NOTE
r-release-linux-x86_64 1.1 2.43 48.72 51.15 NOTE
r-release-macos-arm64 1.1 NOTE
r-release-macos-x86_64 1.1 NOTE
r-release-windows-ix86+x86_64 1.1 6.00 57.00 63.00 NOTE
r-oldrel-macos-x86_64 1.1 NOTE
r-oldrel-windows-ix86+x86_64 1.1 6.00 55.00 61.00 NOTE

Check Details

Version: 1.1
Check: dependencies in R code
Result: NOTE
    'library' or 'require' call to 'scatterplot3d' which was already attached by Depends.
     Please remove these calls from your code.
    'library' or 'require' call to 'rgl' in package code.
     Please use :: or requireNamespace() instead.
     See section 'Suggested packages' in the 'Writing R Extensions' manual.
Flavors: r-devel-linux-x86_64-debian-clang, r-devel-linux-x86_64-debian-gcc, r-devel-linux-x86_64-fedora-clang, r-devel-linux-x86_64-fedora-gcc, r-devel-windows-x86_64, r-devel-windows-x86_64-gcc10-UCRT, r-patched-linux-x86_64, r-patched-solaris-x86, r-release-linux-x86_64, r-release-macos-arm64, r-release-macos-x86_64, r-release-windows-ix86+x86_64, r-oldrel-macos-x86_64, r-oldrel-windows-ix86+x86_64

Version: 1.1
Check: R code for possible problems
Result: NOTE
    calc_k : perform_calc: no visible global function definition for 'dist'
    calc_k : perform_calc: no visible global function definition for 'cor'
    calc_k: no visible global function definition for 'par'
    calc_k: no visible global function definition for 'abline'
    calc_k: no visible global function definition for 'grid'
    calc_k: no visible global function definition for 'head'
    find_nn_eps: no visible global function definition for 'dist'
    find_nn_k: no visible global function definition for 'dist'
    find_weights: no visible global function definition for 'head'
    find_weights: no visible global function definition for 'ecdf'
    lle_rectangular : rects: no visible global function definition for
     'head'
    lle_rectangular : rects: no visible global function definition for
     'rnorm'
    lle_scurve: no visible global function definition for 'rnorm'
    lle_scurve: no visible global function definition for 'runif'
    lle_sound: no visible global function definition for 'data'
    lle_sound: no visible binding for global variable 'lle_wave'
    lle_sound: no visible global function definition for 'lines'
    lle_sound: no visible global function definition for 'smooth.spline'
    lle_spiral: no visible global function definition for 'split.screen'
    lle_spiral: no visible global function definition for 'rnorm'
    lle_spiral: no visible global function definition for 'screen'
    lle_spiral: no visible global function definition for 'text'
    lle_swissrole: no visible global function definition for 'runif'
    plot_lle: no visible global function definition for 'plot3d'
    plot_lle: no visible global function definition for 'palette'
    plot_lle: no visible global function definition for 'rainbow'
    plot_lle: no visible global function definition for 'pdf'
    plot_lle: no visible global function definition for 'dev.new'
    plot_lle: no visible global function definition for 'split.screen'
    plot_lle: no visible global function definition for 'screen'
    plot_lle: no visible global function definition for 'text'
    plot_lle: no visible global function definition for 'dev.off'
    Undefined global functions or variables:
     abline cor data dev.new dev.off dist ecdf grid head lines lle_wave
     palette par pdf plot3d rainbow rnorm runif screen smooth.spline
     split.screen text
    Consider adding
     importFrom("grDevices", "dev.new", "dev.off", "palette", "pdf",
     "rainbow")
     importFrom("graphics", "abline", "grid", "lines", "par", "screen",
     "split.screen", "text")
     importFrom("stats", "cor", "dist", "ecdf", "rnorm", "runif",
     "smooth.spline")
     importFrom("utils", "data", "head")
    to your NAMESPACE file.
    
    Found the following calls to data() loading into the global environment:
    File 'lle/R/lle_sound.R':
     data(lle_wave)
    See section 'Good practice' in '?data'.
Flavors: r-devel-linux-x86_64-debian-clang, r-devel-linux-x86_64-debian-gcc, r-devel-linux-x86_64-fedora-clang, r-patched-linux-x86_64, r-release-linux-x86_64

Version: 1.1
Check: Rd line widths
Result: NOTE
    Rd file 'lle.Rd':
     \examples lines wider than 100 characters:
     plot( results$id, main="intrinsic dimension", type="l", xlab=expression(x[i]), ylab="id", lwd=2 )
    
    These lines will be truncated in the PDF manual.
Flavors: r-devel-linux-x86_64-debian-clang, r-devel-linux-x86_64-debian-gcc, r-devel-linux-x86_64-fedora-clang, r-devel-linux-x86_64-fedora-gcc, r-patched-linux-x86_64, r-release-linux-x86_64

Version: 1.1
Check: R code for possible problems
Result: NOTE
    calc_k : perform_calc: no visible global function definition for ‘dist’
    calc_k : perform_calc: no visible global function definition for ‘cor’
    calc_k: no visible global function definition for ‘par’
    calc_k: no visible global function definition for ‘abline’
    calc_k: no visible global function definition for ‘grid’
    calc_k: no visible global function definition for ‘head’
    find_nn_eps: no visible global function definition for ‘dist’
    find_nn_k: no visible global function definition for ‘dist’
    find_weights: no visible global function definition for ‘head’
    find_weights: no visible global function definition for ‘ecdf’
    lle_rectangular : rects: no visible global function definition for
     ‘head’
    lle_rectangular : rects: no visible global function definition for
     ‘rnorm’
    lle_scurve: no visible global function definition for ‘rnorm’
    lle_scurve: no visible global function definition for ‘runif’
    lle_sound: no visible global function definition for ‘data’
    lle_sound: no visible binding for global variable ‘lle_wave’
    lle_sound: no visible global function definition for ‘lines’
    lle_sound: no visible global function definition for ‘smooth.spline’
    lle_spiral: no visible global function definition for ‘split.screen’
    lle_spiral: no visible global function definition for ‘rnorm’
    lle_spiral: no visible global function definition for ‘screen’
    lle_spiral: no visible global function definition for ‘text’
    lle_swissrole: no visible global function definition for ‘runif’
    plot_lle: no visible global function definition for ‘plot3d’
    plot_lle: no visible global function definition for ‘palette’
    plot_lle: no visible global function definition for ‘rainbow’
    plot_lle: no visible global function definition for ‘pdf’
    plot_lle: no visible global function definition for ‘dev.new’
    plot_lle: no visible global function definition for ‘split.screen’
    plot_lle: no visible global function definition for ‘screen’
    plot_lle: no visible global function definition for ‘text’
    plot_lle: no visible global function definition for ‘dev.off’
    Undefined global functions or variables:
     abline cor data dev.new dev.off dist ecdf grid head lines lle_wave
     palette par pdf plot3d rainbow rnorm runif screen smooth.spline
     split.screen text
    Consider adding
     importFrom("grDevices", "dev.new", "dev.off", "palette", "pdf",
     "rainbow")
     importFrom("graphics", "abline", "grid", "lines", "par", "screen",
     "split.screen", "text")
     importFrom("stats", "cor", "dist", "ecdf", "rnorm", "runif",
     "smooth.spline")
     importFrom("utils", "data", "head")
    to your NAMESPACE file.
Flavors: r-devel-linux-x86_64-fedora-gcc, r-devel-windows-x86_64, r-devel-windows-x86_64-gcc10-UCRT, r-patched-solaris-x86, r-release-macos-arm64, r-release-macos-x86_64, r-release-windows-ix86+x86_64, r-oldrel-macos-x86_64, r-oldrel-windows-ix86+x86_64

Version: 1.1
Check: whether package can be installed
Result: WARN
    Found the following significant warnings:
     WARNING: installation-time patches will not be applied, could not get the patches index
Flavor: r-devel-windows-x86_64-gcc10-UCRT

Version: 1.1
Check: PDF version of manual
Result: WARN
    LaTeX errors when creating PDF version.
    This typically indicates Rd problems.
Flavor: r-devel-windows-x86_64-gcc10-UCRT

Version: 1.1
Check: PDF version of manual without hyperrefs or index
Result: ERROR
    Re-running with no redirection of stdout/stderr.
Flavor: r-devel-windows-x86_64-gcc10-UCRT