CRAN Package Check Results for Package liqueueR

Last updated on 2021-11-28 05:49:37 CET.

Flavor Version Tinstall Tcheck Ttotal Status Flags
r-devel-linux-x86_64-debian-clang 0.0.1 NOTE
r-devel-linux-x86_64-debian-gcc 0.0.1 2.45 20.44 22.89 NOTE
r-devel-linux-x86_64-fedora-clang 0.0.1 45.93 NOTE
r-devel-linux-x86_64-fedora-gcc 0.0.1 35.66 NOTE
r-devel-windows-x86_64-new-UL 0.0.1 10.00 63.00 73.00 NOTE
r-devel-windows-x86_64-new-TK 0.0.1 NOTE
r-devel-windows-x86_64-old 0.0.1 6.00 49.00 55.00 NOTE
r-patched-linux-x86_64 0.0.1 3.23 24.21 27.44 NOTE
r-patched-solaris-x86 0.0.1 56.70 NOTE
r-release-linux-x86_64 0.0.1 3.05 24.29 27.34 NOTE
r-release-macos-arm64 0.0.1 NOTE
r-release-macos-x86_64 0.0.1 NOTE
r-release-windows-ix86+x86_64 0.0.1 9.00 35.00 44.00 NOTE
r-oldrel-macos-x86_64 0.0.1 OK
r-oldrel-windows-ix86+x86_64 0.0.1 6.00 43.00 49.00 OK

Check Details

Version: 0.0.1
Check: LazyData
Result: NOTE
     'LazyData' is specified without a 'data' directory
Flavors: r-devel-linux-x86_64-debian-clang, r-devel-linux-x86_64-debian-gcc, r-devel-linux-x86_64-fedora-clang, r-devel-linux-x86_64-fedora-gcc, r-devel-windows-x86_64-new-UL, r-devel-windows-x86_64-new-TK, r-devel-windows-x86_64-old, r-patched-linux-x86_64, r-patched-solaris-x86, r-release-linux-x86_64, r-release-macos-arm64, r-release-macos-x86_64, r-release-windows-ix86+x86_64