CRAN Package Check Results for Package lfe

Last updated on 2021-07-30 05:52:16 CEST.

Flavor Version Tinstall Tcheck Ttotal Status Flags
r-devel-linux-x86_64-debian-clang 2.8-6 ERROR
r-devel-linux-x86_64-debian-gcc 2.8-6 14.20 3.00 17.20 ERROR
r-devel-linux-x86_64-fedora-clang 2.8-6 36.21 ERROR
r-devel-linux-x86_64-fedora-gcc 2.8-6 9.30 ERROR
r-devel-windows-x86_64 2.8-6 11.00 9.00 20.00 ERROR
r-devel-windows-x86_64-gcc10-UCRT 2.8-6 OK
r-patched-linux-x86_64 2.8-6 OK
r-patched-solaris-x86 2.8-6 343.20 NOTE --no-vignettes
r-release-linux-x86_64 2.8-6 19.21 229.29 248.50 OK
r-release-macos-arm64 2.8-6 OK
r-release-macos-x86_64 2.8-6 OK
r-release-windows-ix86+x86_64 2.8-6 53.00 384.00 437.00 OK
r-oldrel-macos-x86_64 2.8-6 OK
r-oldrel-windows-ix86+x86_64 2.8-6 38.00 395.00 433.00 OK

Check Details

Version: 2.8-6
Check: whether package can be installed
Result: ERROR
    Installation failed.
Flavors: r-devel-linux-x86_64-debian-clang, r-devel-linux-x86_64-debian-gcc, r-devel-linux-x86_64-fedora-clang, r-devel-linux-x86_64-fedora-gcc, r-devel-windows-x86_64

Version: 2.8-6
Flags: --no-vignettes
Check: compilation flags used
Result: NOTE
    Compilation used the following non-portable flag(s):
     ‘-mt’
Flavor: r-patched-solaris-x86