CRAN Package Check Results for Package leaps

Last updated on 2021-12-01 05:59:29 CET.

Flavor Version Tinstall Tcheck Ttotal Status Flags
r-devel-linux-x86_64-debian-clang 3.1 4.05 24.17 28.22 OK
r-devel-linux-x86_64-debian-gcc 3.1 2.65 20.51 23.16 OK
r-devel-linux-x86_64-fedora-clang 3.1 46.31 NOTE
r-devel-linux-x86_64-fedora-gcc 3.1 35.16 NOTE
r-devel-windows-x86_64-new-UL 3.1 11.00 58.00 69.00 OK
r-devel-windows-x86_64-new-TK 3.1 OK
r-devel-windows-x86_64-old 3.1 8.00 32.00 40.00 OK
r-patched-linux-x86_64 3.1 4.51 23.60 28.11 OK
r-patched-solaris-x86 3.1 52.70 OK
r-release-linux-x86_64 3.1 3.86 23.35 27.21 OK
r-release-macos-arm64 3.1 OK
r-release-macos-x86_64 3.1 OK
r-release-windows-ix86+x86_64 3.1 12.00 37.00 49.00 OK
r-oldrel-macos-x86_64 3.1 OK
r-oldrel-windows-ix86+x86_64 3.1 10.00 49.00 59.00 OK

Check Details

Version: 3.1
Check: compiled code
Result: NOTE
    File ‘leaps/libs/leaps.so’:
     Found no calls to: ‘R_registerRoutines’, ‘R_useDynamicSymbols’
    
    It is good practice to register native routines and to disable symbol
    search.
    
    See ‘Writing portable packages’ in the ‘Writing R Extensions’ manual.
Flavors: r-devel-linux-x86_64-fedora-clang, r-devel-linux-x86_64-fedora-gcc