CRAN Package Check Results for Package lconnect

Last updated on 2021-07-31 05:51:50 CEST.

Flavor Version Tinstall Tcheck Ttotal Status Flags
r-devel-linux-x86_64-debian-clang 0.1.1 2.34 31.98 34.32 NOTE
r-devel-linux-x86_64-debian-gcc 0.1.1 1.86 25.27 27.13 NOTE
r-devel-linux-x86_64-fedora-clang 0.1.1 59.38 NOTE
r-devel-linux-x86_64-fedora-gcc 0.1.1 50.65 NOTE
r-devel-windows-x86_64 0.1.1 3.00 53.00 56.00 NOTE
r-devel-windows-x86_64-gcc10-UCRT 0.1.1 NOTE
r-patched-linux-x86_64 0.1.1 NOTE
r-patched-solaris-x86 0.1.1 67.20 NOTE
r-release-linux-x86_64 0.1.1 2.22 30.98 33.20 NOTE
r-release-macos-arm64 0.1.1 NOTE
r-release-macos-x86_64 0.1.1 NOTE
r-release-windows-ix86+x86_64 0.1.1 5.00 38.00 43.00 NOTE
r-oldrel-macos-x86_64 0.1.1 OK
r-oldrel-windows-ix86+x86_64 0.1.1 4.00 53.00 57.00 OK

Check Details

Version: 0.1.1
Check: LazyData
Result: NOTE
     'LazyData' is specified without a 'data' directory
Flavors: r-devel-linux-x86_64-debian-clang, r-devel-linux-x86_64-debian-gcc, r-devel-linux-x86_64-fedora-clang, r-devel-linux-x86_64-fedora-gcc, r-devel-windows-x86_64, r-devel-windows-x86_64-gcc10-UCRT, r-patched-linux-x86_64, r-patched-solaris-x86, r-release-linux-x86_64, r-release-macos-arm64, r-release-macos-x86_64, r-release-windows-ix86+x86_64