CRAN Package Check Results for Package landscapemetrics

Last updated on 2021-09-27 05:51:26 CEST.

Flavor Version Tinstall Tcheck Ttotal Status Flags
r-devel-linux-x86_64-debian-clang 1.5.4 156.33 383.12 539.45 OK
r-devel-linux-x86_64-debian-gcc 1.5.4 100.86 301.27 402.13 OK
r-devel-linux-x86_64-fedora-clang 1.5.4 692.49 NOTE
r-devel-linux-x86_64-fedora-gcc 1.5.4 707.62 OK
r-devel-windows-x86_64 1.5.4 139.00 344.00 483.00 OK
r-devel-windows-x86_64-gcc10-UCRT 1.5.4 OK
r-patched-linux-x86_64 1.5.4 130.91 366.46 497.37 OK
r-patched-solaris-x86 1.5.4 712.90 OK
r-release-linux-x86_64 1.5.4 126.84 369.42 496.26 OK
r-release-macos-arm64 1.5.4 NOTE
r-release-macos-x86_64 1.5.4 NOTE
r-release-windows-ix86+x86_64 1.5.4 354.00 577.00 931.00 OK
r-oldrel-macos-x86_64 1.5.4 NOTE
r-oldrel-windows-ix86+x86_64 1.5.4 272.00 602.00 874.00 OK

Check Details

Version: 1.5.4
Check: installed package size
Result: NOTE
     installed size is 5.3Mb
     sub-directories of 1Mb or more:
     libs 3.6Mb
Flavors: r-devel-linux-x86_64-fedora-clang, r-release-macos-arm64, r-release-macos-x86_64, r-oldrel-macos-x86_64