CRAN Package Check Results for Package kpcalg

Last updated on 2021-10-18 05:54:23 CEST.

Flavor Version Tinstall Tcheck Ttotal Status Flags
r-devel-linux-x86_64-debian-clang 1.0.1 15.48 262.89 278.37 NOTE
r-devel-linux-x86_64-debian-gcc 1.0.1 11.19 204.30 215.49 NOTE
r-devel-linux-x86_64-fedora-clang 1.0.1 340.96 NOTE
r-devel-linux-x86_64-fedora-gcc 1.0.1 328.16 NOTE
r-devel-windows-x86_64 1.0.1 21.00 308.00 329.00 NOTE
r-devel-windows-x86_64-gcc10-UCRT 1.0.1 NOTE
r-patched-linux-x86_64 1.0.1 16.69 257.88 274.57 NOTE
r-patched-solaris-x86 1.0.1 507.60 NOTE
r-release-linux-x86_64 1.0.1 13.49 257.15 270.64 NOTE
r-release-macos-arm64 1.0.1 NOTE
r-release-macos-x86_64 1.0.1 NOTE
r-release-windows-ix86+x86_64 1.0.1 23.00 300.00 323.00 NOTE
r-oldrel-macos-x86_64 1.0.1 OK
r-oldrel-windows-ix86+x86_64 1.0.1 31.00 309.00 340.00 OK

Check Details

Version: 1.0.1
Check: LazyData
Result: NOTE
     'LazyData' is specified without a 'data' directory
Flavors: r-devel-linux-x86_64-debian-clang, r-devel-linux-x86_64-debian-gcc, r-devel-linux-x86_64-fedora-clang, r-devel-linux-x86_64-fedora-gcc, r-devel-windows-x86_64, r-devel-windows-x86_64-gcc10-UCRT, r-patched-linux-x86_64, r-patched-solaris-x86, r-release-linux-x86_64, r-release-macos-arm64, r-release-macos-x86_64, r-release-windows-ix86+x86_64