CRAN Package Check Results for Package kappalab

Last updated on 2021-09-20 05:49:59 CEST.

Flavor Version Tinstall Tcheck Ttotal Status Flags
r-devel-linux-x86_64-debian-clang 0.4-7 17.28 104.78 122.06 NOTE
r-devel-linux-x86_64-debian-gcc 0.4-7 10.89 80.27 91.16 NOTE
r-devel-linux-x86_64-fedora-clang 0.4-7 153.28 NOTE
r-devel-linux-x86_64-fedora-gcc 0.4-7 139.74 NOTE
r-devel-windows-x86_64 0.4-7 20.00 107.00 127.00 OK
r-devel-windows-x86_64-gcc10-UCRT 0.4-7 ERROR
r-patched-linux-x86_64 0.4-7 14.84 101.32 116.16 NOTE
r-patched-solaris-x86 0.4-7 202.90 NOTE
r-release-linux-x86_64 0.4-7 13.81 101.34 115.15 NOTE
r-release-macos-arm64 0.4-7 OK
r-release-macos-x86_64 0.4-7 OK
r-release-windows-ix86+x86_64 0.4-7 37.00 163.00 200.00 OK
r-oldrel-macos-x86_64 0.4-7 OK
r-oldrel-windows-ix86+x86_64 0.4-7 28.00 162.00 190.00 OK

Check Details

Version: 0.4-7
Check: for non-standard things in the check directory
Result: NOTE
    Found the following files/directories:
     'my.Mobius.set.func.csv' 'my.card.set.func.csv' 'my.set.func.csv'
Flavors: r-devel-linux-x86_64-debian-clang, r-devel-linux-x86_64-debian-gcc, r-devel-linux-x86_64-fedora-clang, r-devel-linux-x86_64-fedora-gcc, r-patched-linux-x86_64, r-patched-solaris-x86, r-release-linux-x86_64

Version: 0.4-7
Check: compiled code
Result: NOTE
    File ‘kappalab/libs/kappalab.so’:
     Found no calls to: ‘R_registerRoutines’, ‘R_useDynamicSymbols’
    
    It is good practice to register native routines and to disable symbol
    search.
    
    See ‘Writing portable packages’ in the ‘Writing R Extensions’ manual.
Flavors: r-devel-linux-x86_64-fedora-clang, r-devel-linux-x86_64-fedora-gcc

Version: 0.4-7
Check: whether package can be installed
Result: ERROR
    Installation failed.
Flavor: r-devel-windows-x86_64-gcc10-UCRT