CRAN Package Check Results for Package janeaustenr

Last updated on 2021-09-21 05:51:13 CEST.

Flavor Version Tinstall Tcheck Ttotal Status Flags
r-devel-linux-x86_64-debian-clang 0.1.5 3.11 25.70 28.81 OK
r-devel-linux-x86_64-debian-gcc 0.1.5 2.71 20.31 23.02 OK
r-devel-linux-x86_64-fedora-clang 0.1.5 43.85 NOTE
r-devel-linux-x86_64-fedora-gcc 0.1.5 33.49 NOTE
r-devel-windows-x86_64 0.1.5 4.00 33.00 37.00 OK
r-devel-windows-x86_64-gcc10-UCRT 0.1.5 ERROR
r-patched-linux-x86_64 0.1.5 2.99 24.57 27.56 OK
r-patched-solaris-x86 0.1.5 51.20 NOTE
r-release-linux-x86_64 0.1.5 3.12 24.89 28.01 OK
r-release-macos-arm64 0.1.5 NOTE
r-release-macos-x86_64 0.1.5 NOTE
r-release-windows-ix86+x86_64 0.1.5 7.00 31.00 38.00 OK
r-oldrel-macos-x86_64 0.1.5 NOTE
r-oldrel-windows-ix86+x86_64 0.1.5 6.00 32.00 38.00 OK

Check Details

Version: 0.1.5
Check: data for non-ASCII characters
Result: NOTE
     Note: found 1 marked UTF-8 string
Flavors: r-devel-linux-x86_64-fedora-clang, r-devel-linux-x86_64-fedora-gcc, r-devel-windows-x86_64-gcc10-UCRT, r-patched-solaris-x86, r-release-macos-arm64, r-release-macos-x86_64, r-oldrel-macos-x86_64

Version: 0.1.5
Check: whether package can be installed
Result: WARN
    Found the following significant warnings:
     WARNING: installation-time patches will not be applied, could not get the patches index
Flavor: r-devel-windows-x86_64-gcc10-UCRT

Version: 0.1.5
Check: PDF version of manual
Result: WARN
    LaTeX errors when creating PDF version.
    This typically indicates Rd problems.
Flavor: r-devel-windows-x86_64-gcc10-UCRT

Version: 0.1.5
Check: PDF version of manual without hyperrefs or index
Result: ERROR
    Re-running with no redirection of stdout/stderr.
Flavor: r-devel-windows-x86_64-gcc10-UCRT