CRAN Package Check Results for Package iterpc

Last updated on 2021-09-21 05:51:13 CEST.

Flavor Version Tinstall Tcheck Ttotal Status Flags
r-devel-linux-x86_64-debian-clang 0.4.2 2.38 29.53 31.91 OK
r-devel-linux-x86_64-debian-gcc 0.4.2 1.61 23.99 25.60 OK
r-devel-linux-x86_64-fedora-clang 0.4.2 47.77 OK
r-devel-linux-x86_64-fedora-gcc 0.4.2 37.76 OK
r-devel-windows-x86_64 0.4.2 5.00 41.00 46.00 OK
r-devel-windows-x86_64-gcc10-UCRT 0.4.2 ERROR
r-patched-linux-x86_64 0.4.2 2.35 29.61 31.96 OK
r-patched-solaris-x86 0.4.2 60.20 OK
r-release-linux-x86_64 0.4.2 2.13 29.22 31.35 OK
r-release-macos-arm64 0.4.2 OK
r-release-macos-x86_64 0.4.2 OK
r-release-windows-ix86+x86_64 0.4.2 7.00 38.00 45.00 OK
r-oldrel-macos-x86_64 0.4.2 OK
r-oldrel-windows-ix86+x86_64 0.4.2 6.00 39.00 45.00 OK

Check Details

Version: 0.4.2
Check: whether package can be installed
Result: WARN
    Found the following significant warnings:
     WARNING: installation-time patches will not be applied, could not get the patches index
Flavor: r-devel-windows-x86_64-gcc10-UCRT

Version: 0.4.2
Check: PDF version of manual
Result: WARN
    LaTeX errors when creating PDF version.
    This typically indicates Rd problems.
Flavor: r-devel-windows-x86_64-gcc10-UCRT

Version: 0.4.2
Check: PDF version of manual without hyperrefs or index
Result: ERROR
    Re-running with no redirection of stdout/stderr.
Flavor: r-devel-windows-x86_64-gcc10-UCRT