CRAN Package Check Results for Package interp

Last updated on 2021-10-18 05:54:22 CEST.

Flavor Version Tinstall Tcheck Ttotal Status Flags
r-devel-linux-x86_64-debian-clang 1.0-33 108.01 39.48 147.49 OK
r-devel-linux-x86_64-debian-gcc 1.0-33 86.98 33.40 120.38 OK
r-devel-linux-x86_64-fedora-clang 1.0-33 221.64 NOTE
r-devel-linux-x86_64-fedora-gcc 1.0-33 205.02 OK
r-devel-windows-x86_64 1.0-33 123.00 76.00 199.00 OK
r-devel-windows-x86_64-gcc10-UCRT 1.0-33 OK
r-patched-linux-x86_64 1.0-33 99.14 41.63 140.77 OK
r-patched-solaris-x86 1.0-33 193.20 OK
r-release-linux-x86_64 1.0-33 94.23 41.14 135.37 OK
r-release-macos-arm64 1.0-33 NOTE
r-release-macos-x86_64 1.0-33 NOTE
r-release-windows-ix86+x86_64 1.0-33 172.00 109.00 281.00 OK
r-oldrel-macos-x86_64 1.0-33 NOTE
r-oldrel-windows-ix86+x86_64 1.0-33 236.00 120.00 356.00 OK

Check Details

Version: 1.0-33
Check: installed package size
Result: NOTE
     installed size is 24.9Mb
     sub-directories of 1Mb or more:
     libs 24.6Mb
Flavors: r-devel-linux-x86_64-fedora-clang, r-release-macos-arm64, r-release-macos-x86_64, r-oldrel-macos-x86_64

Version: 1.0-33
Check: Rd cross-references
Result: NOTE
    Undeclared packages ‘RcppEigen’, ‘tripack’ in Rd xrefs
Flavor: r-devel-linux-x86_64-fedora-clang