CRAN Package Check Results for Package immcp

Last updated on 2021-08-03 05:52:47 CEST.

Flavor Version Tinstall Tcheck Ttotal Status Flags
r-devel-linux-x86_64-debian-clang 0.9.2 49.23 475.31 524.54 OK
r-devel-linux-x86_64-debian-gcc 0.9.2 39.81 365.64 405.45 OK
r-devel-linux-x86_64-fedora-clang 0.9.2 653.31 NOTE
r-devel-linux-x86_64-fedora-gcc 0.9.2 647.83 NOTE
r-devel-windows-x86_64 0.9.2 61.00 512.00 573.00 OK
r-devel-windows-x86_64-gcc10-UCRT 0.9.2 NOTE
r-patched-linux-x86_64 0.9.2 41.94 453.44 495.38 OK
r-patched-solaris-x86 0.9.2 852.10 NOTE
r-release-linux-x86_64 0.9.2 47.68 457.62 505.30 OK
r-release-macos-arm64 0.9.2 ERROR
r-release-macos-x86_64 0.9.2 ERROR
r-release-windows-ix86+x86_64 0.9.2 113.00 532.00 645.00 OK
r-oldrel-macos-x86_64 0.9.2 ERROR
r-oldrel-windows-ix86+x86_64 0.9.2 96.00 442.00 538.00 OK

Check Details

Version: 0.9.2
Check: dependencies in R code
Result: NOTE
    Namespaces in Imports field not imported from:
     ‘methods’ ‘reshape2’
     All declared Imports should be used.
Flavors: r-devel-linux-x86_64-fedora-clang, r-devel-linux-x86_64-fedora-gcc, r-devel-windows-x86_64-gcc10-UCRT, r-patched-solaris-x86

Version: 0.9.2
Check: package dependencies
Result: ERROR
    Packages required but not available: 'clusterProfiler', 'GSEABase', 'GSVA'
    
    See section ‘The DESCRIPTION file’ in the ‘Writing R Extensions’
    manual.
Flavor: r-release-macos-arm64

Version: 0.9.2
Check: package dependencies
Result: ERROR
    Package required but not available: ‘clusterProfiler’
    
    See section ‘The DESCRIPTION file’ in the ‘Writing R Extensions’
    manual.
Flavors: r-release-macos-x86_64, r-oldrel-macos-x86_64