CRAN Package Check Results for Package ibawds

Last updated on 2021-10-18 05:54:21 CEST.

Flavor Version Tinstall Tcheck Ttotal Status Flags
r-devel-linux-x86_64-debian-clang 0.2.0 5.01 52.25 57.26 OK
r-devel-linux-x86_64-debian-gcc 0.2.0 4.35 39.46 43.81 OK
r-devel-linux-x86_64-fedora-clang 0.2.0 80.65 NOTE
r-devel-linux-x86_64-fedora-gcc 0.2.0 68.39 NOTE
r-devel-windows-x86_64 0.2.0 10.00 76.00 86.00 WARN
r-devel-windows-x86_64-gcc10-UCRT 0.2.0 WARN
r-patched-linux-x86_64 0.2.0 10.99 49.64 60.63 OK
r-patched-solaris-x86 0.2.0 98.50 NOTE
r-release-linux-x86_64 0.2.0 4.46 49.41 53.87 OK
r-release-macos-arm64 0.2.0 NOTE
r-release-macos-x86_64 0.2.0 NOTE
r-release-windows-ix86+x86_64 0.2.0 16.00 72.00 88.00 OK
r-oldrel-macos-x86_64 0.2.0 NOTE
r-oldrel-windows-ix86+x86_64 0.2.0 15.00 80.00 95.00 WARN

Check Details

Version: 0.2.0
Check: Rd cross-references
Result: NOTE
    Undeclared package ‘knitr’ in Rd xrefs
Flavor: r-devel-linux-x86_64-fedora-clang

Version: 0.2.0
Check: data for non-ASCII characters
Result: NOTE
     Note: found 1 marked UTF-8 string
Flavors: r-devel-linux-x86_64-fedora-clang, r-devel-linux-x86_64-fedora-gcc, r-devel-windows-x86_64-gcc10-UCRT, r-patched-solaris-x86, r-release-macos-arm64, r-release-macos-x86_64, r-oldrel-macos-x86_64

Version: 0.2.0
Check: R files for syntax errors
Result: WARN
    Warning in file 'R/grading_tables.R':
     unable to translate 'Erf<U+00FC>llt' to native encoding
Flavors: r-devel-windows-x86_64, r-devel-windows-x86_64-gcc10-UCRT, r-oldrel-windows-ix86+x86_64