CRAN Package Check Results for Package huge

Last updated on 2021-08-04 05:52:36 CEST.

Flavor Version Tinstall Tcheck Ttotal Status Flags
r-devel-linux-x86_64-debian-clang 1.3.5 83.83 131.80 215.63 OK
r-devel-linux-x86_64-debian-gcc 1.3.5 56.13 106.35 162.48 OK
r-devel-linux-x86_64-fedora-clang 1.3.5 280.92 NOTE
r-devel-linux-x86_64-fedora-gcc 1.3.5 252.77 OK
r-devel-windows-x86_64 1.3.5 65.00 174.00 239.00 OK
r-devel-windows-x86_64-gcc10-UCRT 1.3.5 OK
r-patched-linux-x86_64 1.3.5 63.12 128.63 191.75 OK
r-patched-solaris-x86 1.3.5 312.40 OK
r-release-linux-x86_64 1.3.5 62.09 128.55 190.64 OK
r-release-macos-arm64 1.3.5 NOTE
r-release-macos-x86_64 1.3.5 NOTE
r-release-windows-ix86+x86_64 1.3.5 177.00 202.00 379.00 OK
r-oldrel-macos-x86_64 1.3.5 NOTE
r-oldrel-windows-ix86+x86_64 1.3.5 116.00 255.00 371.00 OK

Check Details

Version: 1.3.5
Check: installed package size
Result: NOTE
     installed size is 9.1Mb
     sub-directories of 1Mb or more:
     libs 7.6Mb
Flavors: r-devel-linux-x86_64-fedora-clang, r-release-macos-arm64, r-release-macos-x86_64, r-oldrel-macos-x86_64