CRAN Package Check Results for Package hlaR

Last updated on 2021-10-27 05:55:10 CEST.

Flavor Version Tinstall Tcheck Ttotal Status Flags
r-devel-linux-x86_64-debian-clang 0.1.1 13.55 152.16 165.71 OK
r-devel-linux-x86_64-debian-gcc 0.1.1 11.06 111.64 122.70 OK
r-devel-linux-x86_64-fedora-clang 0.1.1 206.72 NOTE
r-devel-linux-x86_64-fedora-gcc 0.1.1 207.83 NOTE
r-devel-windows-x86_64 0.1.1 23.00 225.00 248.00 OK
r-devel-windows-x86_64-gcc10-UCRT 0.1.1 NOTE
r-patched-linux-x86_64 0.1.1 13.03 149.84 162.87 OK
r-patched-solaris-x86 0.1.1 192.30 NOTE
r-release-linux-x86_64 0.1.1 15.54 150.62 166.16 OK
r-release-macos-arm64 0.1.1 NOTE
r-release-macos-x86_64 0.1.1 NOTE
r-release-windows-ix86+x86_64 0.1.1 25.00 232.00 257.00 OK
r-oldrel-macos-x86_64 0.1.1 NOTE
r-oldrel-windows-ix86+x86_64 0.1.1 33.00 255.00 288.00 OK

Check Details

Version: 0.1.1
Check: dependencies in R code
Result: NOTE
    Namespaces in Imports field not imported from:
     ‘here’ ‘readxlsb’ ‘usethis’
     All declared Imports should be used.
Flavors: r-devel-linux-x86_64-fedora-clang, r-devel-linux-x86_64-fedora-gcc, r-devel-windows-x86_64-gcc10-UCRT, r-patched-solaris-x86, r-release-macos-arm64, r-release-macos-x86_64, r-oldrel-macos-x86_64