CRAN Package Check Results for Package hisse

Last updated on 2021-05-17 05:48:48 CEST.

Flavor Version Tinstall Tcheck Ttotal Status Flags
r-devel-linux-x86_64-debian-clang 1.9.18 47.17 360.07 407.24 OK
r-devel-linux-x86_64-debian-gcc 1.9.19 39.47 258.83 298.30 OK
r-devel-linux-x86_64-fedora-clang 1.9.19 482.17 OK
r-devel-linux-x86_64-fedora-gcc 1.9.19 505.01 OK
r-devel-windows-ix86+x86_64 1.9.19 85.00 336.00 421.00 OK
r-devel-windows-x86_64-gcc10-UCRT 1.9.19 FAIL
r-patched-linux-x86_64 1.9.18 45.66 342.09 387.75 OK
r-patched-solaris-x86 1.9.19 544.70 OK
r-release-linux-x86_64 1.9.19 44.34 331.40 375.74 OK
r-release-macos-x86_64 1.9.18 OK
r-release-windows-ix86+x86_64 1.9.18 84.00 328.00 412.00 OK
r-oldrel-macos-x86_64 1.9.19 OK
r-oldrel-windows-ix86+x86_64 1.9.18 84.00 473.00 557.00 OK

Check Details

Version: 1.9.19
Check: re-building of vignette outputs
Result: FAIL
Flavor: r-devel-windows-x86_64-gcc10-UCRT