CRAN Package Check Results for Package heddlr

Last updated on 2021-10-19 05:51:02 CEST.

Flavor Version Tinstall Tcheck Ttotal Status Flags
r-devel-linux-x86_64-debian-clang 0.6.0 2.38 31.11 33.49 NOTE
r-devel-linux-x86_64-debian-gcc 0.6.0 1.81 23.17 24.98 NOTE
r-devel-linux-x86_64-fedora-clang 0.6.0 49.92 NOTE
r-devel-linux-x86_64-fedora-gcc 0.6.0 40.24 NOTE
r-devel-windows-x86_64 0.6.0 5.00 51.00 56.00 NOTE
r-devel-windows-x86_64-gcc10-UCRT 0.6.0 NOTE
r-patched-linux-x86_64 0.6.0 2.64 29.44 32.08 NOTE
r-patched-solaris-x86 0.6.0 58.20 NOTE
r-release-linux-x86_64 0.6.0 2.54 29.08 31.62 NOTE
r-release-macos-arm64 0.6.0 NOTE
r-release-macos-x86_64 0.6.0 NOTE
r-release-windows-ix86+x86_64 0.6.0 5.00 48.00 53.00 NOTE
r-oldrel-macos-x86_64 0.6.0 OK
r-oldrel-windows-ix86+x86_64 0.6.0 7.00 53.00 60.00 OK

Check Details

Version: 0.6.0
Check: LazyData
Result: NOTE
     'LazyData' is specified without a 'data' directory
Flavors: r-devel-linux-x86_64-debian-clang, r-devel-linux-x86_64-debian-gcc, r-devel-linux-x86_64-fedora-clang, r-devel-linux-x86_64-fedora-gcc, r-devel-windows-x86_64, r-devel-windows-x86_64-gcc10-UCRT, r-patched-linux-x86_64, r-patched-solaris-x86, r-release-linux-x86_64, r-release-macos-arm64, r-release-macos-x86_64, r-release-windows-ix86+x86_64

Version: 0.6.0
Check: Rd cross-references
Result: NOTE
    Undeclared package ‘tibble’ in Rd xrefs
Flavor: r-devel-linux-x86_64-fedora-clang